CRAN Package Check Results for Package bazar

Last updated on 2020-07-13 01:48:38 CEST.

Flavor Version Tinstall Tcheck Ttotal Status Flags
r-devel-linux-x86_64-debian-clang 1.0.11 3.20 24.30 27.50 OK --no-examples --no-tests --no-vignettes
r-devel-linux-x86_64-debian-gcc 1.0.11 2.14 19.71 21.85 OK --no-examples --no-tests --no-vignettes
r-devel-linux-x86_64-fedora-clang 1.0.11 46.24 NOTE
r-devel-linux-x86_64-fedora-gcc 1.0.11 38.24 OK
r-devel-windows-ix86+x86_64 1.0.11 6.00 54.00 60.00 OK
r-patched-linux-x86_64 1.0.11 3.10 24.48 27.58 OK --no-examples --no-tests --no-vignettes
r-patched-solaris-x86 1.0.11 52.10 OK
r-release-linux-x86_64 1.0.11 2.63 24.36 26.99 OK --no-examples --no-tests --no-vignettes
r-release-macos-x86_64 1.0.11 OK
r-release-windows-ix86+x86_64 1.0.11 8.00 51.00 59.00 OK
r-oldrel-macos-x86_64 1.0.11 OK
r-oldrel-windows-ix86+x86_64 1.0.11 6.00 40.00 46.00 OK

Check Details

Version: 1.0.11
Check: Rd cross-references
Result: NOTE
    Undeclared package ‘formula.tools’ in Rd xrefs
Flavor: r-devel-linux-x86_64-fedora-clang