Last updated on 2023-02-08 02:03:07 CET.
Flavor | Version | Tinstall | Tcheck | Ttotal | Status | Flags |
---|---|---|---|---|---|---|
r-devel-linux-x86_64-debian-clang | 1.0.2 | 41.83 | 238.96 | 280.79 | OK | |
r-devel-linux-x86_64-debian-gcc | 1.0.2 | 39.77 | 174.86 | 214.63 | OK | |
r-devel-linux-x86_64-fedora-clang | 1.0.2 | 375.68 | OK | |||
r-devel-linux-x86_64-fedora-gcc | 1.0.2 | 362.75 | OK | |||
r-devel-windows-x86_64 | 1.0.2 | 46.00 | 265.00 | 311.00 | OK | |
r-patched-linux-x86_64 | 1.0.2 | 45.60 | 227.62 | 273.22 | OK | |
r-release-linux-x86_64 | 1.0.2 | 48.09 | 232.15 | 280.24 | OK | |
r-release-macos-arm64 | 1.0.2 | 80.00 | OK | |||
r-release-macos-x86_64 | 1.0.2 | 138.00 | OK | |||
r-release-windows-x86_64 | 1.0.2 | 51.00 | 295.00 | 346.00 | OK | |
r-oldrel-macos-arm64 | 1.0.2 | 81.00 | OK | |||
r-oldrel-macos-x86_64 | 1.0.2 | 139.00 | OK | |||
r-oldrel-windows-ix86+x86_64 | 1.0.2 | 103.00 | 349.00 | 452.00 | NOTE |
Version: 1.0.2
Check: installed package size
Result: NOTE
installed size is 5.5Mb
sub-directories of 1Mb or more:
data 3.0Mb
libs 2.0Mb
Flavor: r-oldrel-windows-ix86+x86_64