Last updated on 2023-12-09 07:49:26 CET.
Flavor | Version | Tinstall | Tcheck | Ttotal | Status | Flags |
---|---|---|---|---|---|---|
r-devel-linux-x86_64-debian-clang | 2.0.2 | 6.05 | 288.12 | 294.17 | NOTE | |
r-devel-linux-x86_64-debian-gcc | 2.0.2 | 3.75 | 193.71 | 197.46 | NOTE | |
r-devel-linux-x86_64-fedora-clang | 2.0.2 | 385.03 | NOTE | |||
r-devel-linux-x86_64-fedora-gcc | 2.0.2 | 364.31 | OK | |||
r-devel-windows-x86_64 | 2.0.2 | 5.00 | 249.00 | 254.00 | OK | |
r-patched-linux-x86_64 | 2.0.2 | 5.21 | 287.33 | 292.54 | OK | |
r-release-linux-x86_64 | 2.0.2 | 4.12 | 286.55 | 290.67 | OK | |
r-release-macos-arm64 | 2.0.2 | 97.00 | OK | |||
r-release-macos-x86_64 | 2.0.2 | 185.00 | NOTE | |||
r-release-windows-x86_64 | 2.0.2 | 8.00 | 279.00 | 287.00 | OK | |
r-oldrel-macos-arm64 | 2.0.2 | 92.00 | OK | |||
r-oldrel-macos-x86_64 | 2.0.2 | 137.00 | OK | |||
r-oldrel-windows-x86_64 | 2.0.2 | 8.00 | 272.00 | 280.00 | OK |
Version: 2.0.2
Check: Rd files
Result: NOTE
checkRd: (-1) bbreg.Rd:75: Lost braces; missing escapes or markup?
75 | ("x_{i,1}" and "v_{i,1}" may be 1 to handle intercepts). As it can be seen, this regression model has two levels with covariates explaining the mean
| ^
checkRd: (-1) bbreg.Rd:75: Lost braces; missing escapes or markup?
75 | ("x_{i,1}" and "v_{i,1}" may be 1 to handle intercepts). As it can be seen, this regression model has two levels with covariates explaining the mean
| ^
checkRd: (-1) dbbtest.Rd:27: Lost braces; missing escapes or markup?
27 | considered in the decision rule of the test; they are sum(z2/n) = sum_{i=1}^{n}(z_i^2)/n, sum(quasi_mu) = sum_{i=1}^{n}(tilde{mu_i}^2 + tilde{mu_i}(1-tilde{mu_i})/2)
| ^
checkRd: (-1) dbbtest.Rd:27: Lost braces; missing escapes or markup?
27 | considered in the decision rule of the test; they are sum(z2/n) = sum_{i=1}^{n}(z_i^2)/n, sum(quasi_mu) = sum_{i=1}^{n}(tilde{mu_i}^2 + tilde{mu_i}(1-tilde{mu_i})/2)
| ^
checkRd: (-1) dbbtest.Rd:27: Lost braces; missing escapes or markup?
27 | considered in the decision rule of the test; they are sum(z2/n) = sum_{i=1}^{n}(z_i^2)/n, sum(quasi_mu) = sum_{i=1}^{n}(tilde{mu_i}^2 + tilde{mu_i}(1-tilde{mu_i})/2)
| ^
checkRd: (-1) dbbtest.Rd:27: Lost braces; missing escapes or markup?
27 | considered in the decision rule of the test; they are sum(z2/n) = sum_{i=1}^{n}(z_i^2)/n, sum(quasi_mu) = sum_{i=1}^{n}(tilde{mu_i}^2 + tilde{mu_i}(1-tilde{mu_i})/2)
| ^
checkRd: (-1) dbbtest.Rd:27: Lost braces
27 | considered in the decision rule of the test; they are sum(z2/n) = sum_{i=1}^{n}(z_i^2)/n, sum(quasi_mu) = sum_{i=1}^{n}(tilde{mu_i}^2 + tilde{mu_i}(1-tilde{mu_i})/2)
| ^
checkRd: (-1) dbbtest.Rd:27: Lost braces
27 | considered in the decision rule of the test; they are sum(z2/n) = sum_{i=1}^{n}(z_i^2)/n, sum(quasi_mu) = sum_{i=1}^{n}(tilde{mu_i}^2 + tilde{mu_i}(1-tilde{mu_i})/2)
| ^
checkRd: (-1) dbbtest.Rd:27: Lost braces
27 | considered in the decision rule of the test; they are sum(z2/n) = sum_{i=1}^{n}(z_i^2)/n, sum(quasi_mu) = sum_{i=1}^{n}(tilde{mu_i}^2 + tilde{mu_i}(1-tilde{mu_i})/2)
| ^
Flavors: r-devel-linux-x86_64-debian-clang, r-devel-linux-x86_64-debian-gcc
Version: 2.0.2
Check: Rd cross-references
Result: NOTE
Undeclared package ‘betareg’ in Rd xrefs
Flavor: r-devel-linux-x86_64-fedora-clang
Version: 2.0.2
Check: Rd cross-references
Result: NOTE
Package unavailable to check Rd xrefs: ‘betareg’
Flavor: r-release-macos-x86_64