CRAN Package Check Results for Package bcp

Last updated on 2020-07-09 01:57:24 CEST.

Flavor Version Tinstall Tcheck Ttotal Status Flags
r-devel-linux-x86_64-debian-clang 4.0.3 108.48 39.27 147.75 OK
r-devel-linux-x86_64-debian-gcc 4.0.3 83.19 29.61 112.80 OK
r-devel-linux-x86_64-fedora-clang 4.0.3 209.09 NOTE
r-devel-linux-x86_64-fedora-gcc 4.0.3 189.52 OK
r-devel-windows-ix86+x86_64 4.0.3 195.00 91.00 286.00 OK
r-patched-linux-x86_64 4.0.3 84.76 38.89 123.65 OK
r-patched-solaris-x86 4.0.3 180.60 OK
r-release-linux-x86_64 4.0.3 85.75 38.81 124.56 OK
r-release-osx-x86_64 4.0.3 NOTE
r-release-windows-ix86+x86_64 4.0.3 196.00 80.00 276.00 OK
r-oldrel-osx-x86_64 4.0.3 NOTE
r-oldrel-windows-ix86+x86_64 4.0.3 196.00 121.00 317.00 OK

Check Details

Version: 4.0.3
Check: installed package size
Result: NOTE
     installed size is 6.7Mb
     sub-directories of 1Mb or more:
     libs 6.4Mb
Flavors: r-devel-linux-x86_64-fedora-clang, r-release-osx-x86_64

Version: 4.0.3
Check: package dependencies
Result: NOTE
    Package suggested but not available for checking: ‘DNAcopy’
Flavor: r-oldrel-osx-x86_64