CRAN Package Check Results for Package bdchecks

Last updated on 2020-09-25 01:48:38 CEST.

Flavor Version Tinstall Tcheck Ttotal Status Flags
r-devel-linux-x86_64-debian-clang 0.1.7 12.23 97.73 109.96 OK
r-devel-linux-x86_64-debian-gcc 0.1.7 9.53 75.89 85.42 OK
r-devel-linux-x86_64-fedora-clang 0.1.7 140.90 NOTE
r-devel-linux-x86_64-fedora-gcc 0.1.7 128.60 NOTE
r-devel-windows-ix86+x86_64 0.1.7 34.00 137.00 171.00 OK
r-patched-linux-x86_64 0.1.7 9.80 90.46 100.26 OK
r-patched-solaris-x86 0.1.7 208.60 NOTE
r-release-linux-x86_64 0.1.7 11.26 91.11 102.37 OK
r-release-macos-x86_64 0.1.7 NOTE
r-release-windows-ix86+x86_64 0.1.7 35.00 145.00 180.00 OK
r-oldrel-macos-x86_64 0.1.7 NOTE
r-oldrel-windows-ix86+x86_64 0.1.7 20.00 104.00 124.00 OK

Check Details

Version: 0.1.7
Check: data for non-ASCII characters
Result: NOTE
     Note: found 72 marked UTF-8 strings
Flavors: r-devel-linux-x86_64-fedora-clang, r-devel-linux-x86_64-fedora-gcc, r-patched-solaris-x86, r-release-macos-x86_64, r-oldrel-macos-x86_64