CRAN Package Check Results for Package bdclean

Last updated on 2021-06-22 01:49:07 CEST.

Flavor Version Tinstall Tcheck Ttotal Status Flags
r-devel-linux-x86_64-debian-clang 0.1.15 11.27 95.00 106.27 NOTE
r-devel-linux-x86_64-debian-gcc 0.1.15 8.80 71.54 80.34 NOTE
r-devel-linux-x86_64-fedora-clang 0.1.15 136.00 NOTE
r-devel-linux-x86_64-fedora-gcc 0.1.15 123.71 NOTE
r-devel-windows-x86_64 0.1.15 22.00 120.00 142.00 NOTE
r-devel-windows-x86_64-gcc10-UCRT 0.1.15 ERROR
r-patched-linux-x86_64 0.1.15 10.73 90.68 101.41 NOTE
r-patched-solaris-x86 0.1.15 184.60 NOTE
r-release-linux-x86_64 0.1.15 11.55 89.57 101.12 NOTE
r-release-macos-arm64 0.1.15 NOTE
r-release-macos-x86_64 0.1.15 NOTE
r-release-windows-ix86+x86_64 0.1.15 32.00 131.00 163.00 NOTE
r-oldrel-macos-x86_64 0.1.15 NOTE

Check Details

Version: 0.1.15
Check: LazyData
Result: NOTE
     'LazyData' is specified without a 'data' directory
Flavors: r-devel-linux-x86_64-debian-clang, r-devel-linux-x86_64-debian-gcc, r-devel-linux-x86_64-fedora-clang, r-devel-linux-x86_64-fedora-gcc, r-devel-windows-x86_64, r-patched-linux-x86_64, r-patched-solaris-x86, r-release-linux-x86_64, r-release-macos-arm64, r-release-macos-x86_64, r-release-windows-ix86+x86_64

Version: 0.1.15
Check: dependencies in R code
Result: NOTE
    Namespace in Imports field not imported from: ‘DT’
     All declared Imports should be used.
Flavors: r-devel-linux-x86_64-fedora-clang, r-devel-linux-x86_64-fedora-gcc, r-patched-solaris-x86, r-release-macos-arm64, r-release-macos-x86_64, r-oldrel-macos-x86_64

Version: 0.1.15
Check: package dependencies
Result: ERROR
    Packages required but not available: 'rgbif', 'spocc', 'finch', 'bdchecks'
    
    Package suggested but not available for checking: 'covr'
    
    See section 'The DESCRIPTION file' in the 'Writing R Extensions'
    manual.
Flavor: r-devel-windows-x86_64-gcc10-UCRT