CRAN Package Check Results for Package bdl

Last updated on 2021-08-03 01:50:19 CEST.

Flavor Version Tinstall Tcheck Ttotal Status Flags
r-devel-linux-x86_64-debian-clang 1.0.3 17.64 160.81 178.45 NOTE
r-devel-linux-x86_64-debian-gcc 1.0.3 14.63 122.13 136.76 NOTE
r-devel-linux-x86_64-fedora-clang 1.0.3 224.81 NOTE
r-devel-linux-x86_64-fedora-gcc 1.0.3 204.62 NOTE
r-devel-windows-x86_64 1.0.3 48.00 205.00 253.00 NOTE
r-devel-windows-x86_64-gcc10-UCRT 1.0.3 NOTE
r-patched-linux-x86_64 1.0.3 NOTE
r-patched-solaris-x86 1.0.3 300.70 NOTE
r-release-linux-x86_64 1.0.3 16.43 149.58 166.01 NOTE
r-release-macos-arm64 1.0.3 NOTE
r-release-macos-x86_64 1.0.3 NOTE
r-release-windows-ix86+x86_64 1.0.3 43.00 225.00 268.00 NOTE
r-oldrel-macos-x86_64 1.0.3 OK
r-oldrel-windows-ix86+x86_64 1.0.3 44.00 211.00 255.00 OK

Check Details

Version: 1.0.3
Check: LazyData
Result: NOTE
     'LazyData' is specified without a 'data' directory
Flavors: r-devel-linux-x86_64-debian-clang, r-devel-linux-x86_64-debian-gcc, r-devel-linux-x86_64-fedora-clang, r-devel-linux-x86_64-fedora-gcc, r-devel-windows-x86_64, r-devel-windows-x86_64-gcc10-UCRT, r-patched-linux-x86_64, r-patched-solaris-x86, r-release-linux-x86_64, r-release-macos-arm64, r-release-macos-x86_64, r-release-windows-ix86+x86_64