CRAN Package Check Results for Package bdpar

Last updated on 2020-05-28 01:53:12 CEST.

Flavor Version Tinstall Tcheck Ttotal Status Flags
r-devel-linux-x86_64-debian-clang 2.0.0 25.07 57.11 82.18 OK
r-devel-linux-x86_64-debian-gcc 2.0.0 21.55 45.90 67.45 OK
r-devel-linux-x86_64-fedora-clang 2.0.0 108.35 OK
r-devel-linux-x86_64-fedora-gcc 2.0.0 107.06 OK
r-devel-windows-ix86+x86_64 2.0.0 48.00 104.00 152.00 ERROR
r-patched-linux-x86_64 2.0.0 25.87 58.42 84.29 OK
r-patched-solaris-x86 2.0.0 138.90 WARN
r-release-linux-x86_64 2.0.0 26.90 58.25 85.15 OK
r-release-osx-x86_64 2.0.0 OK
r-release-windows-ix86+x86_64 2.0.0 37.00 90.00 127.00 ERROR
r-oldrel-osx-x86_64 2.0.0 OK
r-oldrel-windows-ix86+x86_64 2.0.0 43.00 73.00 116.00 ERROR

Check Details

Version: 2.0.0
Check: tests
Result: ERROR
     Running 'test_all.R' [19s]
    Running the tests in 'tests/test_all.R' failed.
    Complete output:
     > library(testthat)
     > test_check("bdpar")
     Loading required package: bdpar
     -- 1. Failure: startConnectionWithTwitter connectionWithTwitter=FALSE (@test_Con
     `connection$startConnectionWithTwitter()` did not throw an error.
    
     == testthat results ===========================================================
     [ OK: 572 | SKIPPED: 0 | WARNINGS: 0 | FAILED: 1 ]
     1. Failure: startConnectionWithTwitter connectionWithTwitter=FALSE (@test_Connections.R#8)
    
     Error: testthat unit tests failed
     Execution halted
Flavor: r-devel-windows-ix86+x86_64

Version: 2.0.0
Check: for unstated dependencies in ‘tests’
Result: WARN
    Warning in deparse(e[[2L]]) :
     it is not known that wchar_t is Unicode on this platform
    Warning in deparse(e[[2L]]) :
     it is not known that wchar_t is Unicode on this platform
    Warning in deparse(e[[2L]]) :
     it is not known that wchar_t is Unicode on this platform
    Warning in deparse(e[[2L]]) :
     it is not known that wchar_t is Unicode on this platform
Flavor: r-patched-solaris-x86

Version: 2.0.0
Check: tests
Result: ERROR
     Running 'test_all.R' [17s]
    Running the tests in 'tests/test_all.R' failed.
    Complete output:
     > library(testthat)
     > test_check("bdpar")
     Loading required package: bdpar
     -- 1. Failure: startConnectionWithTwitter connectionWithTwitter=FALSE (@test_Con
     `connection$startConnectionWithTwitter()` did not throw an error.
    
     == testthat results ===========================================================
     [ OK: 572 | SKIPPED: 0 | WARNINGS: 0 | FAILED: 1 ]
     1. Failure: startConnectionWithTwitter connectionWithTwitter=FALSE (@test_Connections.R#8)
    
     Error: testthat unit tests failed
     Execution halted
Flavor: r-release-windows-ix86+x86_64

Version: 2.0.0
Check: tests
Result: ERROR
     Running 'test_all.R' [15s]
    Running the tests in 'tests/test_all.R' failed.
    Complete output:
     > library(testthat)
     > test_check("bdpar")
     Loading required package: bdpar
     -- 1. Failure: startConnectionWithTwitter connectionWithTwitter=FALSE (@test_Con
     `connection$startConnectionWithTwitter()` did not throw an error.
    
     == testthat results ===========================================================
     [ OK: 572 | SKIPPED: 0 | WARNINGS: 0 | FAILED: 1 ]
     1. Failure: startConnectionWithTwitter connectionWithTwitter=FALSE (@test_Connections.R#8)
    
     Error: testthat unit tests failed
     Execution halted
Flavor: r-oldrel-windows-ix86+x86_64