CRAN Package Check Results for Package bdribs

Last updated on 2023-12-07 07:50:25 CET.

Flavor Version Tinstall Tcheck Ttotal Status Flags
r-devel-linux-x86_64-debian-clang 1.0.4 2.75 27.78 30.53 NOTE
r-devel-linux-x86_64-debian-gcc 1.0.4 2.06 21.81 23.87 NOTE
r-devel-linux-x86_64-fedora-clang 1.0.4 39.47 NOTE
r-devel-linux-x86_64-fedora-gcc 1.0.4 37.10 NOTE
r-devel-windows-x86_64 1.0.4 3.00 46.00 49.00 NOTE
r-patched-linux-x86_64 1.0.4 2.45 28.43 30.88 NOTE
r-release-linux-x86_64 1.0.4 2.42 27.40 29.82 NOTE
r-release-macos-arm64 1.0.4 18.00 NOTE
r-release-macos-x86_64 1.0.4 23.00 NOTE
r-release-windows-x86_64 1.0.4 3.00 44.00 47.00 NOTE
r-oldrel-macos-arm64 1.0.4 18.00 NOTE
r-oldrel-macos-x86_64 1.0.4 25.00 NOTE
r-oldrel-windows-x86_64 1.0.4 4.00 47.00 51.00 NOTE

Check Details

Version: 1.0.4
Check: LazyData
Result: NOTE 'LazyData' is specified without a 'data' directory Flavors: r-devel-linux-x86_64-debian-clang, r-devel-linux-x86_64-debian-gcc, r-devel-linux-x86_64-fedora-clang, r-devel-linux-x86_64-fedora-gcc, r-devel-windows-x86_64, r-patched-linux-x86_64, r-release-linux-x86_64, r-release-macos-arm64, r-release-macos-x86_64, r-release-windows-x86_64, r-oldrel-macos-arm64, r-oldrel-macos-x86_64, r-oldrel-windows-x86_64

Version: 1.0.4
Check: for non-standard things in the check directory
Result: NOTE Found the following files/directories: ‘dump.txt’ Flavors: r-devel-linux-x86_64-debian-clang, r-devel-linux-x86_64-debian-gcc, r-devel-linux-x86_64-fedora-clang, r-devel-linux-x86_64-fedora-gcc, r-patched-linux-x86_64, r-release-linux-x86_64