CRAN Package Check Results for Package bea.R

Last updated on 2021-01-22 00:48:47 CET.

Flavor Version Tinstall Tcheck Ttotal Status Flags
r-devel-linux-x86_64-debian-clang 1.0.6 7.22 63.72 70.94 OK
r-devel-linux-x86_64-debian-gcc 1.0.6 5.40 47.42 52.82 OK
r-devel-linux-x86_64-fedora-clang 1.0.6 91.49 NOTE
r-devel-linux-x86_64-fedora-gcc 1.0.6 81.17 NOTE
r-devel-windows-ix86+x86_64 1.0.6 21.00 81.00 102.00 OK
r-patched-linux-x86_64 1.0.6 7.18 57.42 64.60 OK
r-patched-solaris-x86 1.0.6 115.70 NOTE
r-release-linux-x86_64 1.0.6 7.31 58.46 65.77 OK
r-release-macos-x86_64 1.0.6 NOTE
r-release-windows-ix86+x86_64 1.0.6 27.00 83.00 110.00 OK
r-oldrel-macos-x86_64 1.0.6 NOTE
r-oldrel-windows-ix86+x86_64 1.0.6 11.00 56.00 67.00 OK

Check Details

Version: 1.0.6
Check: package dependencies
Result: NOTE
    Imports includes 22 non-default packages.
    Importing from so many packages makes the package vulnerable to any of
    them becoming unavailable. Move as many as possible to Suggests and
    use conditionally.
Flavor: r-devel-linux-x86_64-fedora-clang

Version: 1.0.6
Check: dependencies in R code
Result: NOTE
    Namespaces in Imports field not imported from:
     ‘Rcpp’ ‘chron’ ‘colorspace’ ‘gtable’ ‘htmltools’ ‘htmlwidgets’
     ‘httpuv’ ‘magrittr’ ‘munsell’ ‘plyr’ ‘scales’ ‘stringi’ ‘xtable’
     ‘yaml’
     All declared Imports should be used.
Flavors: r-devel-linux-x86_64-fedora-clang, r-devel-linux-x86_64-fedora-gcc, r-patched-solaris-x86, r-release-macos-x86_64, r-oldrel-macos-x86_64