Last updated on 2023-01-29 00:53:29 CET.
Flavor | Version | Tinstall | Tcheck | Ttotal | Status | Flags |
---|---|---|---|---|---|---|
r-devel-linux-x86_64-debian-clang | 2.4 | 726.18 | 246.58 | 972.76 | NOTE | |
r-devel-linux-x86_64-debian-gcc | 2.4 | 686.20 | 221.47 | 907.67 | NOTE | |
r-devel-linux-x86_64-fedora-clang | 2.4 | 1305.45 | NOTE | |||
r-devel-linux-x86_64-fedora-gcc | 2.4 | 1576.56 | NOTE | |||
r-devel-windows-x86_64 | 2.4 | 920.00 | 348.00 | 1268.00 | NOTE | |
r-patched-linux-x86_64 | 2.4 | 542.60 | 276.81 | 819.41 | NOTE | |
r-release-linux-x86_64 | 2.4 | 545.35 | 276.31 | 821.66 | NOTE | |
r-release-macos-arm64 | 2.4 | 346.00 | NOTE | |||
r-release-macos-x86_64 | 2.4 | 606.00 | NOTE | |||
r-release-windows-x86_64 | 2.4 | 472.00 | 347.00 | 819.00 | NOTE | |
r-oldrel-macos-arm64 | 2.4 | 417.00 | NOTE | |||
r-oldrel-macos-x86_64 | 2.4 | 771.00 | NOTE | |||
r-oldrel-windows-ix86+x86_64 | 2.4 | 1681.00 | 448.00 | 2129.00 | NOTE |
Version: 2.4
Check: for GNU extensions in Makefiles
Result: NOTE
GNU make is a SystemRequirements.
Flavors: r-devel-linux-x86_64-debian-clang, r-devel-linux-x86_64-debian-gcc, r-devel-linux-x86_64-fedora-clang, r-devel-linux-x86_64-fedora-gcc, r-devel-windows-x86_64, r-patched-linux-x86_64, r-release-linux-x86_64, r-release-macos-arm64, r-release-macos-x86_64, r-release-windows-x86_64, r-oldrel-macos-arm64, r-oldrel-macos-x86_64, r-oldrel-windows-ix86+x86_64
Version: 2.4
Check: C++ specification
Result: NOTE
Specified C++14: please update to current default of C++17
Flavors: r-devel-linux-x86_64-debian-gcc, r-devel-linux-x86_64-fedora-gcc
Version: 2.4
Check: installed package size
Result: NOTE
installed size is 8.7Mb
sub-directories of 1Mb or more:
libs 7.1Mb
Flavors: r-devel-linux-x86_64-fedora-clang, r-devel-windows-x86_64, r-release-macos-arm64, r-release-macos-x86_64, r-release-windows-x86_64, r-oldrel-macos-arm64, r-oldrel-macos-x86_64, r-oldrel-windows-ix86+x86_64
Version: 2.4
Check: dependencies in R code
Result: NOTE
Namespace in Imports field not imported from: ‘rstantools’
All declared Imports should be used.
Flavors: r-devel-linux-x86_64-fedora-clang, r-devel-linux-x86_64-fedora-gcc, r-release-macos-arm64, r-release-macos-x86_64, r-oldrel-macos-arm64, r-oldrel-macos-x86_64