CRAN Package Check Results for Package beanz

Last updated on 2020-02-25 00:52:43 CET.

Flavor Version Tinstall Tcheck Ttotal Status Flags
r-devel-linux-x86_64-debian-clang 2.4 658.90 205.42 864.32 NOTE
r-devel-linux-x86_64-debian-gcc 2.4 638.45 173.19 811.64 NOTE
r-devel-linux-x86_64-fedora-clang 2.4 1193.26 NOTE
r-devel-linux-x86_64-fedora-gcc 2.4 1418.41 NOTE
r-devel-windows-ix86+x86_64 2.4 1128.00 318.00 1446.00 NOTE
r-devel-windows-ix86+x86_64-gcc8 2.4 1676.00 428.00 2104.00 NOTE
r-patched-linux-x86_64 2.4 662.89 196.42 859.31 NOTE
r-patched-solaris-x86 2.4 1125.50 NOTE
r-release-linux-x86_64 2.4 672.40 195.14 867.54 NOTE
r-release-windows-ix86+x86_64 2.4 1085.00 289.00 1374.00 NOTE
r-release-osx-x86_64 2.4 FAIL
r-oldrel-windows-ix86+x86_64 2.4 1203.00 316.00 1519.00 NOTE
r-oldrel-osx-x86_64 2.4 NOTE

Check Details

Version: 2.4
Check: for GNU extensions in Makefiles
Result: NOTE
    GNU make is a SystemRequirements.
Flavors: r-devel-linux-x86_64-debian-clang, r-devel-linux-x86_64-debian-gcc, r-devel-linux-x86_64-fedora-clang, r-devel-linux-x86_64-fedora-gcc, r-devel-windows-ix86+x86_64, r-devel-windows-ix86+x86_64-gcc8, r-patched-linux-x86_64, r-patched-solaris-x86, r-release-linux-x86_64, r-release-windows-ix86+x86_64, r-release-osx-x86_64, r-oldrel-windows-ix86+x86_64, r-oldrel-osx-x86_64

Version: 2.4
Check: installed package size
Result: NOTE
     installed size is 98.8Mb
     sub-directories of 1Mb or more:
     libs 97.2Mb
Flavors: r-devel-linux-x86_64-fedora-clang, r-devel-windows-ix86+x86_64, r-devel-windows-ix86+x86_64-gcc8, r-patched-solaris-x86, r-release-windows-ix86+x86_64, r-release-osx-x86_64, r-oldrel-windows-ix86+x86_64, r-oldrel-osx-x86_64

Version: 2.4
Check: dependencies in R code
Result: NOTE
    Namespace in Imports field not imported from: ‘rstantools’
     All declared Imports should be used.
Flavors: r-devel-linux-x86_64-fedora-clang, r-devel-linux-x86_64-fedora-gcc, r-patched-solaris-x86, r-release-osx-x86_64, r-oldrel-osx-x86_64

Version: 2.4
Check: re-building of vignette outputs
Result: WARN
    Error(s) in re-building vignettes:
     ...
    --- re-building ‘beanz_vignettes.Rmd’ using rmarkdown
    Warning in engine$weave(file, quiet = quiet, encoding = enc) :
     Pandoc (>= 1.12.3) and/or pandoc-citeproc not available. Falling back to R Markdown v1.
    
    Execution halted
Flavor: r-release-osx-x86_64

Version: 2.4
Check: PDF version of manual
Result: FAIL
Flavor: r-release-osx-x86_64