CRAN Package Check Results for Package beautier

Last updated on 2021-09-26 01:49:45 CEST.

Flavor Version Tinstall Tcheck Ttotal Status Flags
r-devel-linux-x86_64-debian-clang 2.6.2 13.53 151.13 164.66 OK
r-devel-linux-x86_64-debian-gcc 2.6.2 12.08 113.48 125.56 OK
r-devel-linux-x86_64-fedora-clang 2.6.2 202.31 OK
r-devel-linux-x86_64-fedora-gcc 2.6.2 196.70 OK
r-devel-windows-x86_64 2.6.2 17.00 100.00 117.00 ERROR
r-devel-windows-x86_64-gcc10-UCRT 2.6.2 OK
r-patched-linux-x86_64 2.6.2 17.82 145.84 163.66 OK
r-patched-solaris-x86 2.6.2 223.70 OK
r-release-linux-x86_64 2.6.2 12.29 148.56 160.85 OK
r-release-macos-arm64 2.6.2 OK
r-release-macos-x86_64 2.6.2 OK
r-release-windows-ix86+x86_64 2.6.2 24.00 140.00 164.00 ERROR
r-oldrel-macos-x86_64 2.6.2 OK
r-oldrel-windows-ix86+x86_64 2.6.2 17.00 107.00 124.00 ERROR

Check Details

Version: 2.6.2
Check: examples
Result: ERROR
    Running examples in 'beautier-Ex.R' failed
    The error most likely occurred in:
    
    > ### Name: check_empty_beautier_folder
    > ### Title: Check there are no files in the default beautier folder
    > ### Aliases: check_empty_beautier_folder
    >
    > ### ** Examples
    >
    > check_empty_beautier_folder()
    Error in check_empty_beautier_folder() : Files found in beautier folder.
    beautier_folder: C:\Users\CRAN\AppData\Local/beautier/beautier/Cache
    length(list.files(beautier_folder))): 3
    head(list.files(beautier_folder)): C:\Users\CRAN\AppData\Local/beautier/beautier/Cache/file13670ff35c02,C:\Users\CRAN\AppData\Local/beautier/beautier/Cache/file178c45757dd,C:\Users\CRAN\AppData\Local/beautier/beautier/Cache/fileb9f87bd32678
    Execution halted
Flavors: r-devel-windows-x86_64, r-release-windows-ix86+x86_64, r-oldrel-windows-ix86+x86_64