CRAN Package Check Results for Package belg

Last updated on 2020-09-25 01:48:38 CEST.

Flavor Version Tinstall Tcheck Ttotal Status Flags
r-devel-linux-x86_64-debian-clang 1.4.1 66.03 47.37 113.40 OK
r-devel-linux-x86_64-debian-gcc 1.4.1 43.31 37.52 80.83 OK
r-devel-linux-x86_64-fedora-clang 1.4.1 155.29 OK
r-devel-linux-x86_64-fedora-gcc 1.4.1 138.90 OK
r-devel-windows-ix86+x86_64 1.4.1 147.00 96.00 243.00 OK
r-patched-linux-x86_64 1.4.1 47.09 46.68 93.77 OK
r-patched-solaris-x86 1.4.1 139.30 OK
r-release-linux-x86_64 1.4.1 46.34 46.08 92.42 OK
r-release-macos-x86_64 1.4.1 OK
r-release-windows-ix86+x86_64 1.4.1 128.00 120.00 248.00 OK
r-oldrel-macos-x86_64 1.4.1 OK
r-oldrel-windows-ix86+x86_64 1.4.1 102.00 69.00 171.00 WARN

Check Details

Version: 1.4.1
Check: re-building of vignette outputs
Result: WARN
    Error(s) in re-building vignettes:
    --- re-building 'belg1.Rmd' using rmarkdown
    Quitting from lines 13-32 (belg1.Rmd)
    Error: processing vignette 'belg1.Rmd' failed with diagnostics:
    package 'lattice' 0.20.38 was found, but >= 0.20.41 is required by 'rasterVis'
    --- failed re-building 'belg1.Rmd'
    
    SUMMARY: processing the following file failed:
     'belg1.Rmd'
    
    Error: Vignette re-building failed.
    Execution halted
Flavor: r-oldrel-windows-ix86+x86_64