CRAN Package Check Results for Package bender

Last updated on 2023-06-05 07:52:47 CEST.

Flavor Version Tinstall Tcheck Ttotal Status Flags
r-devel-linux-x86_64-debian-clang 0.1.1 2.62 22.10 24.72 NOTE
r-devel-linux-x86_64-debian-gcc 0.1.1 2.03 18.03 20.06 NOTE
r-devel-linux-x86_64-fedora-clang 0.1.1 31.78 NOTE
r-devel-linux-x86_64-fedora-gcc 0.1.1 30.15 NOTE
r-devel-windows-x86_64 0.1.1 4.00 39.00 43.00 NOTE
r-patched-linux-x86_64 0.1.1 2.99 21.50 24.49 NOTE
r-release-linux-x86_64 0.1.1 2.27 21.37 23.64 NOTE
r-release-macos-arm64 0.1.1 15.00 NOTE
r-release-macos-x86_64 0.1.1 21.00 NOTE
r-release-windows-x86_64 0.1.1 4.00 38.00 42.00 NOTE
r-oldrel-macos-arm64 0.1.1 13.00 NOTE
r-oldrel-macos-x86_64 0.1.1 20.00 NOTE
r-oldrel-windows-x86_64 0.1.1 5.00 43.00 48.00 NOTE

Check Details

Version: 0.1.1
Check: LazyData
Result: NOTE
     'LazyData' is specified without a 'data' directory
Flavors: r-devel-linux-x86_64-debian-clang, r-devel-linux-x86_64-debian-gcc, r-devel-linux-x86_64-fedora-clang, r-devel-linux-x86_64-fedora-gcc, r-devel-windows-x86_64, r-patched-linux-x86_64, r-release-linux-x86_64, r-release-macos-arm64, r-release-macos-x86_64, r-release-windows-x86_64, r-oldrel-macos-arm64, r-oldrel-macos-x86_64, r-oldrel-windows-x86_64