CRAN Package Check Results for Package bfp

Last updated on 2020-08-12 01:46:52 CEST.

Flavor Version Tinstall Tcheck Ttotal Status Flags
r-devel-linux-x86_64-debian-clang 0.0-41 60.24 83.12 143.36 OK
r-devel-linux-x86_64-debian-gcc 0.0-41 41.84 53.66 95.50 NOTE
r-devel-linux-x86_64-fedora-clang 0.0-41 198.39 OK
r-devel-linux-x86_64-fedora-gcc 0.0-41 166.54 OK
r-devel-windows-ix86+x86_64 0.0-41 148.00 190.00 338.00 OK
r-patched-linux-x86_64 0.0-41 44.68 78.54 123.22 OK
r-patched-solaris-x86 0.0-41 195.70 OK
r-release-linux-x86_64 0.0-41 44.66 77.91 122.57 NOTE
r-release-macos-x86_64 0.0-41 ERROR
r-release-windows-ix86+x86_64 0.0-41 116.00 200.00 316.00 OK
r-oldrel-macos-x86_64 0.0-41 OK
r-oldrel-windows-ix86+x86_64 0.0-41 100.00 151.00 251.00 OK

Check Details

Version: 0.0-41
Check: package dependencies
Result: NOTE
    Package suggested but not available for checking: ‘doBy’
Flavors: r-devel-linux-x86_64-debian-gcc, r-release-linux-x86_64

Version: 0.0-41
Check: whether package can be installed
Result: ERROR
    Installation failed.
Flavor: r-release-macos-x86_64