Last updated on 2023-02-07 00:54:11 CET.
Flavor | Version | Tinstall | Tcheck | Ttotal | Status | Flags |
---|---|---|---|---|---|---|
r-devel-linux-x86_64-debian-clang | 0.9.8 | 14.46 | 164.03 | 178.49 | OK | |
r-devel-linux-x86_64-debian-gcc | 0.9.8 | 11.48 | 121.37 | 132.85 | OK | |
r-devel-linux-x86_64-fedora-clang | 0.9.8 | 217.83 | NOTE | |||
r-devel-linux-x86_64-fedora-gcc | 0.9.8 | 225.25 | NOTE | |||
r-devel-windows-x86_64 | 0.9.8 | 24.00 | 209.00 | 233.00 | OK | |
r-patched-linux-x86_64 | 0.9.8 | 18.35 | 154.53 | 172.88 | OK | |
r-release-linux-x86_64 | 0.9.8 | 13.31 | 159.57 | 172.88 | OK | |
r-release-macos-arm64 | 0.9.8 | 69.00 | NOTE | |||
r-release-macos-x86_64 | 0.9.8 | 85.00 | NOTE | |||
r-release-windows-x86_64 | 0.9.8 | 30.00 | 221.00 | 251.00 | OK | |
r-oldrel-macos-arm64 | 0.9.8 | 65.00 | NOTE | |||
r-oldrel-macos-x86_64 | 0.9.8 | 79.00 | NOTE | |||
r-oldrel-windows-ix86+x86_64 | 0.9.8 | 50.00 | 235.00 | 285.00 | OK |
Version: 0.9.8
Check: data for non-ASCII characters
Result: NOTE
Note: found 10089 marked UTF-8 strings
Flavors: r-devel-linux-x86_64-fedora-clang, r-devel-linux-x86_64-fedora-gcc, r-release-macos-arm64, r-release-macos-x86_64, r-oldrel-macos-arm64, r-oldrel-macos-x86_64