CRAN Package Check Results for Package bgsmtr

Last updated on 2020-07-15 01:48:16 CEST.

Flavor Version Tinstall Tcheck Ttotal Status Flags
r-devel-linux-x86_64-debian-clang 0.7 11.47 81.09 92.56 OK
r-devel-linux-x86_64-debian-gcc 0.7 9.84 63.64 73.48 OK
r-devel-linux-x86_64-fedora-clang 0.7 124.35 OK
r-devel-linux-x86_64-fedora-gcc 0.7 117.14 OK
r-devel-windows-ix86+x86_64 0.7 29.00 115.00 144.00 OK
r-patched-linux-x86_64 0.7 10.82 80.14 90.96 OK
r-patched-solaris-x86 0.7 173.70 OK
r-release-linux-x86_64 0.7 11.07 80.35 91.42 OK
r-release-macos-x86_64 0.7 ERROR
r-release-windows-ix86+x86_64 0.7 33.00 95.00 128.00 OK
r-oldrel-macos-x86_64 0.7 OK
r-oldrel-windows-ix86+x86_64 0.7 23.00 115.00 138.00 OK

Check Details

Version: 0.7
Check: whether package can be installed
Result: ERROR
    Installation failed.
Flavor: r-release-macos-x86_64