CRAN Package Check Results for Package biClassify

Last updated on 2023-02-07 00:54:11 CET.

Flavor Version Tinstall Tcheck Ttotal Status Flags
r-devel-linux-x86_64-debian-clang 1.3 38.90 80.81 119.71 NOTE
r-devel-linux-x86_64-debian-gcc 1.3 27.83 61.48 89.31 NOTE
r-devel-linux-x86_64-fedora-clang 1.3 158.81 NOTE
r-devel-linux-x86_64-fedora-gcc 1.3 161.97 NOTE
r-devel-windows-x86_64 1.3 45.00 148.00 193.00 NOTE
r-patched-linux-x86_64 1.3 27.22 79.05 106.27 OK
r-release-linux-x86_64 1.3 32.40 77.33 109.73 OK
r-release-macos-arm64 1.3 48.00 NOTE
r-release-macos-x86_64 1.3 82.00 NOTE
r-release-windows-x86_64 1.3 67.00 154.00 221.00 OK
r-oldrel-macos-arm64 1.3 45.00 NOTE
r-oldrel-macos-x86_64 1.3 119.00 NOTE
r-oldrel-windows-ix86+x86_64 1.3 90.00 194.00 284.00 OK

Check Details

Version: 1.3
Check: C++ specification
Result: NOTE
     Specified C++11: please update to current default of C++17
Flavors: r-devel-linux-x86_64-debian-clang, r-devel-linux-x86_64-debian-gcc, r-devel-linux-x86_64-fedora-clang, r-devel-linux-x86_64-fedora-gcc, r-devel-windows-x86_64

Version: 1.3
Check: dependencies in R code
Result: NOTE
    Namespaces in Imports field not imported from:
     ‘DAAG’ ‘datasets’ ‘expm’ ‘mvtnorm’
     All declared Imports should be used.
Flavors: r-devel-linux-x86_64-fedora-clang, r-devel-linux-x86_64-fedora-gcc, r-release-macos-arm64, r-release-macos-x86_64, r-oldrel-macos-arm64, r-oldrel-macos-x86_64