Last updated on 2023-12-09 07:49:26 CET.
Flavor | Version | Tinstall | Tcheck | Ttotal | Status | Flags |
---|---|---|---|---|---|---|
r-devel-linux-x86_64-debian-clang | 0.0.8 | 4.58 | 38.50 | 43.08 | OK | |
r-devel-linux-x86_64-debian-gcc | 0.0.8 | 3.75 | 30.47 | 34.22 | OK | |
r-devel-linux-x86_64-fedora-clang | 0.0.8 | 60.27 | NOTE | |||
r-devel-linux-x86_64-fedora-gcc | 0.0.8 | 51.63 | NOTE | |||
r-devel-windows-x86_64 | 0.0.8 | 6.00 | 52.00 | 58.00 | OK | |
r-patched-linux-x86_64 | 0.0.8 | 8.97 | 38.34 | 47.31 | OK | |
r-release-linux-x86_64 | 0.0.8 | 4.40 | 37.57 | 41.97 | OK | |
r-release-macos-arm64 | 0.0.8 | 27.00 | OK | |||
r-release-macos-x86_64 | 0.0.8 | 36.00 | OK | |||
r-release-windows-x86_64 | 0.0.8 | 8.00 | 57.00 | 65.00 | OK | |
r-oldrel-macos-arm64 | 0.0.8 | 22.00 | OK | |||
r-oldrel-macos-x86_64 | 0.0.8 | 31.00 | OK | |||
r-oldrel-windows-x86_64 | 0.0.8 | 8.00 | 58.00 | 66.00 | OK |
Version: 0.0.8
Check: data for non-ASCII characters
Result: NOTE
Note: found 1904 marked UTF-8 strings
Flavors: r-devel-linux-x86_64-fedora-clang, r-devel-linux-x86_64-fedora-gcc