CRAN Package Check Results for Package bibliometrix

Last updated on 2020-08-08 02:02:55 CEST.

Flavor Version Tinstall Tcheck Ttotal Status Flags
r-devel-linux-x86_64-debian-clang 3.0.2 21.15 231.15 252.30 OK
r-devel-linux-x86_64-debian-gcc 3.0.2 15.22 172.44 187.66 OK
r-devel-linux-x86_64-fedora-clang 3.0.2 302.10 NOTE
r-devel-linux-x86_64-fedora-gcc 3.0.2 295.05 OK
r-devel-windows-ix86+x86_64 3.0.2 72.00 319.00 391.00 NOTE
r-patched-linux-x86_64 3.0.2 14.37 227.85 242.22 OK
r-patched-solaris-x86 3.0.2 415.80 NOTE
r-release-linux-x86_64 3.0.2 14.72 226.84 241.56 OK
r-release-macos-x86_64 3.0.2 NOTE
r-release-windows-ix86+x86_64 3.0.2 51.00 244.00 295.00 NOTE
r-oldrel-macos-x86_64 3.0.2 NOTE
r-oldrel-windows-ix86+x86_64 3.0.2 30.00 224.00 254.00 NOTE

Check Details

Version: 3.0.2
Check: package dependencies
Result: NOTE
    Imports includes 22 non-default packages.
    Importing from so many packages makes the package vulnerable to any of
    them becoming unavailable. Move as many as possible to Suggests and
    use conditionally.
Flavor: r-devel-linux-x86_64-fedora-clang

Version: 3.0.2
Check: installed package size
Result: NOTE
     installed size is 5.8Mb
     sub-directories of 1Mb or more:
     data 2.0Mb
     doc 2.7Mb
Flavors: r-devel-linux-x86_64-fedora-clang, r-devel-windows-ix86+x86_64, r-patched-solaris-x86, r-release-macos-x86_64, r-release-windows-ix86+x86_64, r-oldrel-macos-x86_64, r-oldrel-windows-ix86+x86_64