CRAN Package Check Results for Package bibliometrix

Last updated on 2019-11-21 00:49:52 CET.

Flavor Version Tinstall Tcheck Ttotal Status Flags
r-devel-linux-x86_64-debian-clang 2.3.1 18.24 213.01 231.25 OK
r-devel-linux-x86_64-debian-gcc 2.3.1 17.19 168.53 185.72 OK
r-devel-linux-x86_64-fedora-clang 2.3.1 263.37 OK
r-devel-linux-x86_64-fedora-gcc 2.3.1 277.17 OK
r-devel-windows-ix86+x86_64 2.3.1 71.00 330.00 401.00 OK
r-devel-windows-ix86+x86_64-gcc8 2.3.1 51.00 241.00 292.00 OK
r-patched-linux-x86_64 2.3.1 17.41 202.48 219.89 OK
r-patched-solaris-x86 2.3.1 367.40 NOTE
r-release-linux-x86_64 2.3.1 19.26 200.66 219.92 OK
r-release-windows-ix86+x86_64 2.3.1 46.00 337.00 383.00 OK
r-release-osx-x86_64 2.3.1 OK
r-oldrel-windows-ix86+x86_64 2.3.1 19.00 231.00 250.00 OK
r-oldrel-osx-x86_64 2.3.1 OK

Check Details

Version: 2.3.1
Check: installed package size
Result: NOTE
     installed size is 5.8Mb
     sub-directories of 1Mb or more:
     data 2.4Mb
     doc 1.9Mb
Flavor: r-patched-solaris-x86