Last updated on 2023-02-07 00:54:11 CET.
Flavor | Version | Tinstall | Tcheck | Ttotal | Status | Flags |
---|---|---|---|---|---|---|
r-devel-linux-x86_64-debian-clang | 2.0.3 | 16.13 | 136.18 | 152.31 | WARN | |
r-devel-linux-x86_64-debian-gcc | 2.0.3 | 12.34 | 97.96 | 110.30 | WARN | |
r-devel-linux-x86_64-fedora-clang | 2.0.3 | 191.79 | WARN | |||
r-devel-linux-x86_64-fedora-gcc | 2.0.3 | 179.01 | WARN | |||
r-devel-windows-x86_64 | 2.0.3 | 70.00 | 168.00 | 238.00 | OK | |
r-patched-linux-x86_64 | 2.0.3 | 20.23 | 127.61 | 147.84 | OK | |
r-release-linux-x86_64 | 2.0.3 | 13.09 | 125.38 | 138.47 | OK | |
r-release-macos-arm64 | 2.0.3 | 48.00 | OK | |||
r-release-macos-x86_64 | 2.0.3 | 111.00 | OK | |||
r-release-windows-x86_64 | 2.0.3 | 64.00 | 177.00 | 241.00 | OK | |
r-oldrel-macos-arm64 | 2.0.3 | 55.00 | OK | |||
r-oldrel-macos-x86_64 | 2.0.3 | 82.00 | OK | |||
r-oldrel-windows-ix86+x86_64 | 2.0.3 | 37.00 | 231.00 | 268.00 | OK |
Version: 2.0.3
Check: whether package can be installed
Result: WARN
Found the following significant warnings:
rbimax.c:326:16: warning: a function declaration without a prototype is deprecated in all versions of C [-Wstrict-prototypes]
See ‘/home/hornik/tmp/R.check/r-devel-clang/Work/PKGS/biclust.Rcheck/00install.out’ for details.
* used C compiler: ‘Debian clang version 15.0.6’
Flavor: r-devel-linux-x86_64-debian-clang
Version: 2.0.3
Check: whether package can be installed
Result: WARN
Found the following significant warnings:
rbimax.c:326:6: warning: function declaration isn’t a prototype [-Wstrict-prototypes]
See ‘/home/hornik/tmp/R.check/r-devel-gcc/Work/PKGS/biclust.Rcheck/00install.out’ for details.
* used C compiler: ‘gcc-12 (Debian 12.2.0-14) 12.2.0’
Flavor: r-devel-linux-x86_64-debian-gcc
Version: 2.0.3
Check: whether package can be installed
Result: WARN
Found the following significant warnings:
rbimax.c:326:16: warning: a function declaration without a prototype is deprecated in all versions of C [-Wstrict-prototypes]
See ‘/data/gannet/ripley/R/packages/tests-clang/biclust.Rcheck/00install.out’ for details.
* used C compiler: ‘clang version 15.0.7’
Flavor: r-devel-linux-x86_64-fedora-clang
Version: 2.0.3
Check: whether package can be installed
Result: WARN
Found the following significant warnings:
rbimax.c:326:6: warning: function declaration isn’t a prototype [-Wstrict-prototypes]
See ‘/data/gannet/ripley/R/packages/tests-devel/biclust.Rcheck/00install.out’ for details.
* used C compiler: ‘gcc (GCC) 12.2.1 20221121 (Red Hat 12.2.1-4)’
Flavor: r-devel-linux-x86_64-fedora-gcc