CRAN Package Check Results for Package biganalytics

Last updated on 2019-12-15 01:50:18 CET.

Flavor Version Tinstall Tcheck Ttotal Status Flags
r-devel-linux-x86_64-debian-clang 1.1.14 38.30 34.84 73.14 OK
r-devel-linux-x86_64-debian-gcc 1.1.14 27.17 28.57 55.74 OK
r-devel-linux-x86_64-fedora-clang 1.1.14 94.58 NOTE
r-devel-linux-x86_64-fedora-gcc 1.1.14 90.33 NOTE
r-devel-windows-ix86+x86_64 1.1.14 85.00 99.00 184.00 WARN
r-devel-windows-ix86+x86_64-gcc8 1.1.14 108.00 103.00 211.00 WARN
r-patched-linux-x86_64 1.1.14 25.52 32.05 57.57 OK
r-patched-solaris-x86 1.1.14 94.20 OK
r-release-linux-x86_64 1.1.14 29.05 31.92 60.97 OK
r-release-windows-ix86+x86_64 1.1.14 79.00 67.00 146.00 OK
r-release-osx-x86_64 1.1.14 OK
r-oldrel-windows-ix86+x86_64 1.1.14 69.00 71.00 140.00 OK
r-oldrel-osx-x86_64 1.1.14 OK

Check Details

Version: 1.1.14
Check: top-level files
Result: NOTE
     possible bashism in configure line 12 (echo -n):
     echo -n " checking for Sun Studio compiler..."
     possible bashism in configure line 22 (echo -n):
     echo -n " checking for OS..."
Flavors: r-devel-linux-x86_64-fedora-clang, r-devel-linux-x86_64-fedora-gcc

Version: 1.1.14
Check: compiled code
Result: NOTE
    File ‘biganalytics/libs/biganalytics.so’:
     Found no calls to: ‘R_registerRoutines’, ‘R_useDynamicSymbols’
    
    It is good practice to register native routines and to disable symbol
    search.
    
    See ‘Writing portable packages’ in the ‘Writing R Extensions’ manual.
Flavors: r-devel-linux-x86_64-fedora-clang, r-devel-linux-x86_64-fedora-gcc

Version: 1.1.14
Check: whether package can be installed
Result: WARN
    Found the following significant warnings:
     D:/RCompile/CRANpkg/lib/4.0/BH/include/boost/interprocess/detail/win32_api.hpp:151:9: warning: ISO C++ prohibits anonymous structs [-Wpedantic]
     D:/RCompile/CRANpkg/lib/4.0/BH/include/boost/interprocess/detail/win32_api.hpp:159:9: warning: ISO C++ prohibits anonymous structs [-Wpedantic]
     D:/RCompile/CRANpkg/lib/4.0/BH/include/boost/interprocess/detail/win32_api.hpp:184:13: warning: ISO C++ prohibits anonymous structs [-Wpedantic]
     D:/RCompile/CRANpkg/lib/4.0/BH/include/boost/interprocess/detail/win32_api.hpp:186:7: warning: ISO C++ prohibits anonymous structs [-Wpedantic]
Flavor: r-devel-windows-ix86+x86_64

Version: 1.1.14
Check: whether package can be installed
Result: WARN
    Found the following significant warnings:
     D:/RCompile/CRANpkg/lib/4.0gcc8/BH/include/boost/interprocess/detail/win32_api.hpp:151:9: warning: ISO C++ prohibits anonymous structs [-Wpedantic]
     D:/RCompile/CRANpkg/lib/4.0gcc8/BH/include/boost/interprocess/detail/win32_api.hpp:159:9: warning: ISO C++ prohibits anonymous structs [-Wpedantic]
     D:/RCompile/CRANpkg/lib/4.0gcc8/BH/include/boost/interprocess/detail/win32_api.hpp:184:13: warning: ISO C++ prohibits anonymous structs [-Wpedantic]
     D:/RCompile/CRANpkg/lib/4.0gcc8/BH/include/boost/interprocess/detail/win32_api.hpp:186:7: warning: ISO C++ prohibits anonymous structs [-Wpedantic]
Flavor: r-devel-windows-ix86+x86_64-gcc8