CRAN Package Check Results for Package biganalytics

Last updated on 2020-07-15 01:48:16 CEST.

Flavor Version Tinstall Tcheck Ttotal Status Flags
r-devel-linux-x86_64-debian-clang 1.1.21 42.08 34.68 76.76 OK
r-devel-linux-x86_64-debian-gcc 1.1.21 27.97 27.88 55.85 OK
r-devel-linux-x86_64-fedora-clang 1.1.21 107.78 OK
r-devel-linux-x86_64-fedora-gcc 1.1.21 94.25 OK
r-devel-windows-ix86+x86_64 1.1.21 132.00 92.00 224.00 WARN
r-patched-linux-x86_64 1.1.21 30.23 34.96 65.19 OK
r-patched-solaris-x86 1.1.21 100.70 OK
r-release-linux-x86_64 1.1.21 29.58 34.84 64.42 OK
r-release-macos-x86_64 1.1.21 ERROR
r-release-windows-ix86+x86_64 1.1.21 134.00 73.00 207.00 WARN
r-oldrel-macos-x86_64 1.1.21 OK
r-oldrel-windows-ix86+x86_64 1.1.21 111.00 86.00 197.00 OK

Check Details

Version: 1.1.21
Check: whether package can be installed
Result: WARN
    Found the following significant warnings:
     d:/RCompile/CRANpkg/lib/4.1/BH/include/boost/interprocess/detail/win32_api.hpp:151:9: warning: ISO C++ prohibits anonymous structs [-Wpedantic]
     d:/RCompile/CRANpkg/lib/4.1/BH/include/boost/interprocess/detail/win32_api.hpp:159:9: warning: ISO C++ prohibits anonymous structs [-Wpedantic]
     d:/RCompile/CRANpkg/lib/4.1/BH/include/boost/interprocess/detail/win32_api.hpp:184:13: warning: ISO C++ prohibits anonymous structs [-Wpedantic]
     d:/RCompile/CRANpkg/lib/4.1/BH/include/boost/interprocess/detail/win32_api.hpp:186:7: warning: ISO C++ prohibits anonymous structs [-Wpedantic]
Flavor: r-devel-windows-ix86+x86_64

Version: 1.1.21
Check: whether package can be installed
Result: ERROR
    Installation failed.
Flavor: r-release-macos-x86_64

Version: 1.1.21
Check: whether package can be installed
Result: WARN
    Found the following significant warnings:
     d:/RCompile/CRANpkg/lib/4.0/BH/include/boost/interprocess/detail/win32_api.hpp:151:9: warning: ISO C++ prohibits anonymous structs [-Wpedantic]
     d:/RCompile/CRANpkg/lib/4.0/BH/include/boost/interprocess/detail/win32_api.hpp:159:9: warning: ISO C++ prohibits anonymous structs [-Wpedantic]
     d:/RCompile/CRANpkg/lib/4.0/BH/include/boost/interprocess/detail/win32_api.hpp:184:13: warning: ISO C++ prohibits anonymous structs [-Wpedantic]
     d:/RCompile/CRANpkg/lib/4.0/BH/include/boost/interprocess/detail/win32_api.hpp:186:7: warning: ISO C++ prohibits anonymous structs [-Wpedantic]
Flavor: r-release-windows-ix86+x86_64