Last updated on 2023-01-30 01:53:26 CET.
Flavor | Version | Tinstall | Tcheck | Ttotal | Status | Flags |
---|---|---|---|---|---|---|
r-devel-linux-x86_64-debian-clang | 0.6.1 | 78.31 | 79.95 | 158.26 | OK | |
r-devel-linux-x86_64-debian-gcc | 0.6.1 | 53.69 | 61.97 | 115.66 | NOTE | |
r-devel-linux-x86_64-fedora-clang | 0.6.1 | 227.20 | NOTE | |||
r-devel-linux-x86_64-fedora-gcc | 0.6.1 | 196.30 | NOTE | |||
r-devel-windows-x86_64 | 0.6.1 | 88.00 | 130.00 | 218.00 | NOTE | |
r-patched-linux-x86_64 | 0.6.1 | 59.23 | 78.42 | 137.65 | OK | |
r-release-linux-x86_64 | 0.6.1 | 54.75 | 79.21 | 133.96 | OK | |
r-release-macos-arm64 | 0.6.1 | 53.00 | NOTE | |||
r-release-macos-x86_64 | 0.6.1 | 71.00 | NOTE | |||
r-release-windows-x86_64 | 0.6.1 | 78.00 | 136.00 | 214.00 | OK | |
r-oldrel-macos-arm64 | 0.6.1 | 52.00 | NOTE | |||
r-oldrel-macos-x86_64 | 0.6.1 | 69.00 | NOTE | |||
r-oldrel-windows-ix86+x86_64 | 0.6.1 | 207.00 | 157.00 | 364.00 | OK |
Version: 0.6.1
Check: C++ specification
Result: NOTE
Specified C++11: please update to current default of C++17
Flavors: r-devel-linux-x86_64-debian-gcc, r-devel-linux-x86_64-fedora-gcc, r-devel-windows-x86_64
Version: 0.6.1
Check: dependencies in R code
Result: NOTE
Namespace in Imports field not imported from: ‘rmio’
All declared Imports should be used.
Flavors: r-devel-linux-x86_64-fedora-clang, r-devel-linux-x86_64-fedora-gcc, r-release-macos-arm64, r-release-macos-x86_64, r-oldrel-macos-arm64, r-oldrel-macos-x86_64