CRAN Package Check Results for Package bigtime

Last updated on 2020-09-23 03:59:53 CEST.

Flavor Version Tinstall Tcheck Ttotal Status Flags
r-devel-linux-x86_64-debian-clang 0.1.0 38.67 55.21 93.88 OK
r-devel-linux-x86_64-debian-gcc 0.1.0 33.14 42.12 75.26 OK
r-devel-linux-x86_64-fedora-clang 0.1.0 131.36 NOTE
r-devel-linux-x86_64-fedora-gcc 0.1.0 118.54 NOTE
r-devel-windows-ix86+x86_64 0.1.0 95.00 123.00 218.00 OK
r-patched-linux-x86_64 0.1.0 29.33 53.95 83.28 OK
r-patched-solaris-x86 0.1.0 129.10 NOTE
r-release-linux-x86_64 0.1.0 35.90 53.72 89.62 OK
r-release-macos-x86_64 0.1.0 NOTE
r-release-windows-ix86+x86_64 0.1.0 87.00 121.00 208.00 OK
r-oldrel-macos-x86_64 0.1.0 NOTE
r-oldrel-windows-ix86+x86_64 0.1.0 57.00 113.00 170.00 OK

Check Details

Version: 0.1.0
Check: dependencies in R code
Result: NOTE
    Namespaces in Imports field not imported from:
     ‘MASS’ ‘lattice’ ‘zoo’
     All declared Imports should be used.
Flavors: r-devel-linux-x86_64-fedora-clang, r-devel-linux-x86_64-fedora-gcc, r-patched-solaris-x86, r-release-macos-x86_64, r-oldrel-macos-x86_64