CRAN Package Check Results for Package bigutilsr

Last updated on 2020-07-14 02:06:42 CEST.

Flavor Version Tinstall Tcheck Ttotal Status Flags
r-devel-linux-x86_64-debian-clang 0.3.2 37.53 191.39 228.92 OK
r-devel-linux-x86_64-debian-gcc 0.3.2 28.62 135.78 164.40 OK
r-devel-linux-x86_64-fedora-clang 0.3.2 280.47 OK
r-devel-linux-x86_64-fedora-gcc 0.3.2 267.83 OK
r-devel-windows-ix86+x86_64 0.3.2 63.00 464.00 527.00 OK
r-patched-linux-x86_64 0.3.2 27.34 190.17 217.51 OK
r-patched-solaris-x86 0.3.2 555.70 OK
r-release-linux-x86_64 0.3.2 29.86 189.45 219.31 OK
r-release-macos-x86_64 0.3.2 ERROR
r-release-windows-ix86+x86_64 0.3.2 92.00 388.00 480.00 OK
r-oldrel-macos-x86_64 0.3.2 OK
r-oldrel-windows-ix86+x86_64 0.3.2 93.00 447.00 540.00 OK

Check Details

Version: 0.3.2
Check: whether package can be installed
Result: ERROR
    Installation failed.
Flavor: r-release-macos-x86_64