CRAN Package Check Results for Package bingat

Last updated on 2021-09-16 01:49:26 CEST.

Flavor Version Tinstall Tcheck Ttotal Status Flags
r-devel-linux-x86_64-debian-clang 1.3 11.23 83.67 94.90 OK
r-devel-linux-x86_64-debian-gcc 1.3 8.06 62.01 70.07 OK
r-devel-linux-x86_64-fedora-clang 1.3 120.97 NOTE
r-devel-linux-x86_64-fedora-gcc 1.3 106.35 OK
r-devel-windows-x86_64 1.3 11.00 104.00 115.00 OK
r-devel-windows-x86_64-gcc10-UCRT 1.3 OK
r-patched-linux-x86_64 1.3 9.56 77.70 87.26 OK
r-patched-solaris-x86 1.3 156.70 OK
r-release-linux-x86_64 1.3 8.77 78.07 86.84 OK
r-release-macos-arm64 1.3 OK
r-release-macos-x86_64 1.3 OK
r-release-windows-ix86+x86_64 1.3 22.00 102.00 124.00 OK
r-oldrel-macos-x86_64 1.3 OK
r-oldrel-windows-ix86+x86_64 1.3 19.00 95.00 114.00 OK

Check Details

Version: 1.3
Check: Rd cross-references
Result: NOTE
    Undeclared package ‘genalg’ in Rd xrefs
Flavor: r-devel-linux-x86_64-fedora-clang