CRAN Package Check Results for Package binnednp

Last updated on 2021-12-03 00:48:34 CET.

Flavor Version Tinstall Tcheck Ttotal Status Flags
r-devel-linux-x86_64-debian-clang 0.4.0 46.97 42.16 89.13 NOTE
r-devel-linux-x86_64-debian-gcc 0.4.0 29.36 32.78 62.14 NOTE
r-devel-linux-x86_64-fedora-clang 0.4.0 139.85 NOTE
r-devel-linux-x86_64-fedora-gcc 0.4.0 106.92 NOTE
r-devel-windows-x86_64-new-UL 0.4.0 59.00 109.00 168.00 NOTE
r-devel-windows-x86_64-new-TK 0.4.0 NOTE
r-devel-windows-x86_64-old 0.4.0 55.00 57.00 112.00 NOTE
r-patched-linux-x86_64 0.4.0 39.37 41.11 80.48 NOTE
r-patched-solaris-x86 0.4.0 125.10 NOTE
r-release-linux-x86_64 0.4.0 34.08 41.81 75.89 NOTE
r-release-macos-arm64 0.4.0 NOTE
r-release-macos-x86_64 0.4.0 NOTE
r-release-windows-ix86+x86_64 0.4.0 106.00 91.00 197.00 NOTE
r-oldrel-macos-x86_64 0.4.0 NOTE
r-oldrel-windows-ix86+x86_64 0.4.0 103.00 90.00 193.00 OK

Check Details

Version: 0.4.0
Check: LazyData
Result: NOTE
     'LazyData' is specified without a 'data' directory
Flavors: r-devel-linux-x86_64-debian-clang, r-devel-linux-x86_64-debian-gcc, r-devel-linux-x86_64-fedora-clang, r-devel-linux-x86_64-fedora-gcc, r-devel-windows-x86_64-new-UL, r-devel-windows-x86_64-new-TK, r-devel-windows-x86_64-old, r-patched-linux-x86_64, r-patched-solaris-x86, r-release-linux-x86_64, r-release-macos-arm64, r-release-macos-x86_64, r-release-windows-ix86+x86_64

Version: 0.4.0
Check: dependencies in R code
Result: NOTE
    Namespace in Imports field not imported from: ‘Rdpack’
     All declared Imports should be used.
Flavors: r-devel-linux-x86_64-fedora-clang, r-devel-linux-x86_64-fedora-gcc, r-devel-windows-x86_64-new-TK, r-patched-solaris-x86, r-release-macos-arm64, r-release-macos-x86_64, r-oldrel-macos-x86_64