Last updated on 2022-06-30 01:49:03 CEST.
Flavor | Version | Tinstall | Tcheck | Ttotal | Status | Flags |
---|---|---|---|---|---|---|
r-devel-linux-x86_64-debian-clang | 2.4-3 | 81.56 | 212.42 | 293.98 | NOTE | |
r-devel-linux-x86_64-debian-gcc | 2.4-3 | 66.98 | 155.63 | 222.61 | NOTE | |
r-devel-linux-x86_64-fedora-clang | 2.4-3 | 375.88 | NOTE | |||
r-devel-linux-x86_64-fedora-gcc | 2.4-3 | 365.85 | NOTE | |||
r-devel-windows-x86_64 | 2.4-3 | 182.00 | 276.00 | 458.00 | NOTE | |
r-patched-linux-x86_64 | 2.4-3 | 84.27 | 193.09 | 277.36 | OK | |
r-release-linux-x86_64 | 2.4-3 | 72.86 | 194.69 | 267.55 | OK | |
r-release-macos-arm64 | 2.4-3 | 85.00 | NOTE | |||
r-release-macos-x86_64 | 2.4-3 | 124.00 | NOTE | |||
r-release-windows-x86_64 | 2.4-3 | 150.00 | 264.00 | 414.00 | OK | |
r-oldrel-macos-arm64 | 2.4-3 | 83.00 | NOTE | |||
r-oldrel-macos-x86_64 | 2.4-3 | 161.00 | NOTE | |||
r-oldrel-windows-ix86+x86_64 | 2.4-3 | 178.00 | 328.00 | 506.00 | NOTE |
Version: 2.4-3
Check: Rd files
Result: NOTE
checkRd: (-1) core.find.Rd:30: Escaped LaTeX specials: \_
checkRd: (-1) core.find.Rd:87: Escaped LaTeX specials: \^
checkRd: (-1) core.find.Rd:89: Escaped LaTeX specials: \^
checkRd: (-1) core.find.Rd:91: Escaped LaTeX specials: \^
checkRd: (-1) core.find.Rd:93: Escaped LaTeX specials: \^
checkRd: (-1) core.find.Rd:95: Escaped LaTeX specials: \^
checkRd: (-1) core.find.Rd:97: Escaped LaTeX specials: \^
Flavors: r-devel-linux-x86_64-debian-clang, r-devel-linux-x86_64-debian-gcc, r-devel-linux-x86_64-fedora-clang, r-devel-linux-x86_64-fedora-gcc, r-devel-windows-x86_64
Version: 2.4-3
Check: package dependencies
Result: NOTE
Package suggested but not available for checking: ‘msa’
Flavors: r-devel-linux-x86_64-fedora-clang, r-devel-linux-x86_64-fedora-gcc, r-release-macos-x86_64, r-oldrel-macos-arm64, r-oldrel-macos-x86_64
Version: 2.4-3
Check: installed package size
Result: NOTE
installed size is 5.7Mb
sub-directories of 1Mb or more:
R 1.0Mb
libs 2.0Mb
Flavors: r-devel-linux-x86_64-fedora-clang, r-release-macos-arm64, r-release-macos-x86_64, r-oldrel-macos-arm64, r-oldrel-macos-x86_64, r-oldrel-windows-ix86+x86_64
Version: 2.4-3
Check: package dependencies
Result: NOTE
Packages suggested but not available for checking: 'msa', 'Biostrings'
Flavor: r-release-macos-arm64