CRAN Package Check Results for Package bio3d

Last updated on 2020-09-23 03:59:53 CEST.

Flavor Version Tinstall Tcheck Ttotal Status Flags
r-devel-linux-x86_64-debian-clang 2.4-1 85.21 180.86 266.07 NOTE
r-devel-linux-x86_64-debian-gcc 2.4-1 63.51 140.39 203.90 NOTE
r-devel-linux-x86_64-fedora-clang 2.4-1 347.79 NOTE
r-devel-linux-x86_64-fedora-gcc 2.4-1 332.39 NOTE
r-devel-windows-ix86+x86_64 2.4-1 172.00 310.00 482.00 NOTE
r-patched-linux-x86_64 2.4-1 68.68 175.68 244.36 NOTE
r-patched-solaris-x86 2.4-1 405.60 NOTE
r-release-linux-x86_64 2.4-1 72.05 177.80 249.85 NOTE
r-release-macos-x86_64 2.4-1 NOTE
r-release-windows-ix86+x86_64 2.4-1 146.00 315.00 461.00 NOTE
r-oldrel-macos-x86_64 2.4-1 NOTE
r-oldrel-windows-ix86+x86_64 2.4-1 117.00 297.00 414.00 NOTE

Check Details

Version: 2.4-1
Check: package dependencies
Result: NOTE
    Package suggested but not available for checking: 'msa'
Flavors: r-devel-linux-x86_64-debian-clang, r-devel-linux-x86_64-debian-gcc, r-devel-linux-x86_64-fedora-clang, r-devel-linux-x86_64-fedora-gcc, r-patched-linux-x86_64, r-patched-solaris-x86, r-release-linux-x86_64, r-release-macos-x86_64, r-oldrel-macos-x86_64

Version: 2.4-1
Check: installed package size
Result: NOTE
     installed size is 7.2Mb
     sub-directories of 1Mb or more:
     libs 3.6Mb
Flavors: r-devel-linux-x86_64-fedora-clang, r-devel-windows-ix86+x86_64, r-release-macos-x86_64, r-release-windows-ix86+x86_64, r-oldrel-macos-x86_64, r-oldrel-windows-ix86+x86_64