CRAN Package Check Results for Package bioacoustics

Last updated on 2020-08-06 02:09:16 CEST.

Flavor Version Tinstall Tcheck Ttotal Status Flags
r-devel-linux-x86_64-debian-clang 0.2.4 153.17 50.67 203.84 OK
r-devel-linux-x86_64-debian-gcc 0.2.4 102.09 38.99 141.08 OK
r-devel-linux-x86_64-fedora-clang 0.2.4 289.49 NOTE
r-devel-linux-x86_64-fedora-gcc 0.2.4 256.20 NOTE
r-devel-windows-ix86+x86_64 0.2.4 301.00 110.00 411.00 NOTE
r-patched-linux-x86_64 0.2.4 113.63 50.16 163.79 OK
r-patched-solaris-x86 0.2.4 253.90 NOTE
r-release-linux-x86_64 0.2.4 113.46 50.45 163.91 OK
r-release-macos-x86_64 0.2.4 NOTE
r-release-windows-ix86+x86_64 0.2.4 284.00 115.00 399.00 NOTE
r-oldrel-macos-x86_64 0.2.4 NOTE
r-oldrel-windows-ix86+x86_64 0.2.4 190.00 96.00 286.00 NOTE

Check Details

Version: 0.2.4
Check: installed package size
Result: NOTE
     installed size is 6.9Mb
     sub-directories of 1Mb or more:
     libs 5.4Mb
Flavors: r-devel-linux-x86_64-fedora-clang, r-devel-windows-ix86+x86_64, r-patched-solaris-x86, r-release-macos-x86_64, r-release-windows-ix86+x86_64, r-oldrel-macos-x86_64, r-oldrel-windows-ix86+x86_64

Version: 0.2.4
Check: for GNU extensions in Makefiles
Result: NOTE
    GNU make is a SystemRequirements.
Flavors: r-devel-linux-x86_64-fedora-clang, r-devel-linux-x86_64-fedora-gcc, r-release-macos-x86_64, r-oldrel-macos-x86_64