Last updated on 2022-08-13 02:51:25 CEST.
Flavor | Version | Tinstall | Tcheck | Ttotal | Status | Flags |
---|---|---|---|---|---|---|
r-devel-linux-x86_64-debian-clang | 1.6.3 | 5.57 | 82.75 | 88.32 | OK | |
r-devel-linux-x86_64-debian-gcc | 1.6.3 | 4.12 | 60.63 | 64.75 | OK | |
r-devel-linux-x86_64-fedora-clang | 1.6.3 | 111.76 | NOTE | |||
r-devel-linux-x86_64-fedora-gcc | 1.6.3 | 107.71 | OK | |||
r-devel-windows-x86_64 | 1.6.3 | 46.00 | 113.00 | 159.00 | OK | |
r-patched-linux-x86_64 | 1.6.3 | 6.11 | 73.23 | 79.34 | OK | |
r-release-linux-x86_64 | 1.6.3 | 3.48 | 71.79 | 75.27 | OK | |
r-release-macos-arm64 | 1.6.3 | 33.00 | OK | |||
r-release-macos-x86_64 | 1.6.3 | 48.00 | OK | |||
r-release-windows-x86_64 | 1.6.3 | 68.00 | 114.00 | 182.00 | OK | |
r-oldrel-macos-arm64 | 1.6.3 | 40.00 | OK | |||
r-oldrel-macos-x86_64 | 1.6.3 | 55.00 | OK | |||
r-oldrel-windows-ix86+x86_64 | 1.6.3 | 14.00 | 97.00 | 111.00 | OK |
Version: 1.6.3
Check: Rd cross-references
Result: NOTE
Undeclared package ‘seqinr’ in Rd xrefs
Flavor: r-devel-linux-x86_64-fedora-clang