CRAN Package Check Results for Package biolink

Last updated on 2022-07-03 01:48:49 CEST.

Flavor Version Tinstall Tcheck Ttotal Status Flags
r-devel-linux-x86_64-debian-clang 0.1.7 4.22 47.85 52.07 NOTE
r-devel-linux-x86_64-debian-gcc 0.1.7 3.41 37.58 40.99 NOTE
r-devel-linux-x86_64-fedora-clang 0.1.7 74.85 NOTE
r-devel-linux-x86_64-fedora-gcc 0.1.7 73.96 NOTE
r-devel-windows-x86_64 0.1.7 14.00 73.00 87.00 NOTE
r-patched-linux-x86_64 0.1.7 5.26 47.11 52.37 NOTE
r-release-linux-x86_64 0.1.7 4.42 47.66 52.08 NOTE
r-release-macos-arm64 0.1.7 23.00 NOTE
r-release-macos-x86_64 0.1.7 31.00 NOTE
r-release-windows-x86_64 0.1.7 16.00 74.00 90.00 NOTE
r-oldrel-macos-arm64 0.1.7 30.00 NOTE
r-oldrel-macos-x86_64 0.1.7 38.00 NOTE
r-oldrel-windows-ix86+x86_64 0.1.7 12.00 69.00 81.00 NOTE

Check Details

Version: 0.1.7
Check: LazyData
Result: NOTE
     'LazyData' is specified without a 'data' directory
Flavors: r-devel-linux-x86_64-debian-clang, r-devel-linux-x86_64-debian-gcc, r-devel-linux-x86_64-fedora-clang, r-devel-linux-x86_64-fedora-gcc, r-devel-windows-x86_64, r-patched-linux-x86_64, r-release-linux-x86_64, r-release-macos-arm64, r-release-macos-x86_64, r-release-windows-x86_64, r-oldrel-macos-arm64, r-oldrel-macos-x86_64, r-oldrel-windows-ix86+x86_64