CRAN Package Check Results for Package biomartr

Last updated on 2022-01-19 01:47:26 CET.

Flavor Version Tinstall Tcheck Ttotal Status Flags
r-devel-linux-x86_64-debian-clang 0.9.2 28.21 236.11 264.32 NOTE
r-devel-linux-x86_64-debian-gcc 0.9.2 24.55 191.01 215.56 NOTE
r-devel-linux-x86_64-fedora-clang 0.9.2 330.08 NOTE
r-devel-linux-x86_64-fedora-gcc 0.9.2 330.17 NOTE
r-devel-windows-x86_64-new-UL 0.9.2 150.00 275.00 425.00 NOTE
r-devel-windows-x86_64-new-TK 0.9.2 NOTE
r-patched-linux-x86_64 0.9.2 25.85 230.05 255.90 NOTE
r-release-linux-x86_64 0.9.2 NOTE
r-release-macos-arm64 0.9.2 NOTE
r-release-macos-x86_64 0.9.2 NOTE
r-release-windows-ix86+x86_64 0.9.2 60.00 269.00 329.00 NOTE
r-oldrel-macos-x86_64 0.9.2 NOTE
r-oldrel-windows-ix86+x86_64 0.9.2 69.00 310.00 379.00 OK

Check Details

Version: 0.9.2
Check: LazyData
Result: NOTE
     'LazyData' is specified without a 'data' directory
Flavors: r-devel-linux-x86_64-debian-clang, r-devel-linux-x86_64-debian-gcc, r-devel-linux-x86_64-fedora-clang, r-devel-linux-x86_64-fedora-gcc, r-devel-windows-x86_64-new-UL, r-devel-windows-x86_64-new-TK, r-patched-linux-x86_64, r-release-linux-x86_64, r-release-macos-arm64, r-release-macos-x86_64, r-release-windows-ix86+x86_64

Version: 0.9.2
Check: dependencies in R code
Result: NOTE
    Namespace in Imports field not imported from: ‘fs’
     All declared Imports should be used.
Flavors: r-devel-linux-x86_64-fedora-clang, r-devel-linux-x86_64-fedora-gcc, r-devel-windows-x86_64-new-TK, r-release-macos-arm64, r-release-macos-x86_64, r-oldrel-macos-x86_64