Last updated on 2023-12-06 07:50:08 CET.
Flavor | Version | Tinstall | Tcheck | Ttotal | Status | Flags |
---|---|---|---|---|---|---|
r-devel-linux-x86_64-debian-clang | 1.1.3 | 8.34 | 190.24 | 198.58 | NOTE | |
r-devel-linux-x86_64-debian-gcc | 1.1.3 | 6.91 | 142.71 | 149.62 | NOTE | |
r-devel-linux-x86_64-fedora-clang | 1.1.3 | 244.45 | NOTE | |||
r-devel-linux-x86_64-fedora-gcc | 1.1.3 | 263.34 | NOTE | |||
r-devel-windows-x86_64 | 1.1.3 | 13.00 | 124.00 | 137.00 | NOTE | |
r-patched-linux-x86_64 | 1.1.3 | 8.11 | 182.90 | 191.01 | NOTE | |
r-release-linux-x86_64 | 1.1.3 | 7.12 | 180.63 | 187.75 | NOTE | |
r-release-macos-arm64 | 1.1.3 | 68.00 | NOTE | |||
r-release-macos-x86_64 | 1.1.3 | 165.00 | NOTE | |||
r-release-windows-x86_64 | 1.1.3 | 15.00 | 160.00 | 175.00 | NOTE | |
r-oldrel-macos-arm64 | 1.1.3 | 68.00 | NOTE | |||
r-oldrel-macos-x86_64 | 1.1.3 | 93.00 | NOTE | |||
r-oldrel-windows-x86_64 | 1.1.3 | 15.00 | 155.00 | 170.00 | NOTE |
Version: 1.1.3
Check: package dependencies
Result: NOTE
Package which this enhances but not available for checking: ‘asreml’
Flavors: r-devel-linux-x86_64-debian-clang, r-devel-linux-x86_64-debian-gcc, r-devel-linux-x86_64-fedora-clang, r-devel-linux-x86_64-fedora-gcc, r-devel-windows-x86_64, r-patched-linux-x86_64, r-release-linux-x86_64, r-release-macos-arm64, r-release-macos-x86_64, r-release-windows-x86_64, r-oldrel-macos-arm64, r-oldrel-macos-x86_64, r-oldrel-windows-x86_64