CRAN Package Check Results for Package biomod2

Last updated on 2020-10-01 01:48:34 CEST.

Flavor Version Tinstall Tcheck Ttotal Status Flags
r-devel-linux-x86_64-debian-clang 3.4.6 42.65 273.73 316.38 NOTE
r-devel-linux-x86_64-debian-gcc 3.4.6 38.28 204.27 242.55 NOTE
r-devel-linux-x86_64-fedora-clang 3.4.6 384.81 NOTE
r-devel-linux-x86_64-fedora-gcc 3.4.6 374.94 NOTE
r-devel-windows-ix86+x86_64 3.4.6 86.00 305.00 391.00 OK
r-patched-linux-x86_64 3.4.6 44.07 250.82 294.89 NOTE
r-patched-solaris-x86 3.4.6 512.20 NOTE
r-release-linux-x86_64 3.4.6 45.21 249.96 295.17 NOTE
r-release-macos-x86_64 3.4.6 OK
r-release-windows-ix86+x86_64 3.4.6 88.00 317.00 405.00 OK
r-oldrel-macos-x86_64 3.4.6 OK
r-oldrel-windows-ix86+x86_64 3.4.6 78.00 298.00 376.00 OK

Check Details

Version: 3.4.6
Check: for non-standard things in the check directory
Result: NOTE
    Found the following files/directories:
     'GuloGulo'
Flavors: r-devel-linux-x86_64-debian-clang, r-devel-linux-x86_64-debian-gcc, r-devel-linux-x86_64-fedora-clang, r-devel-linux-x86_64-fedora-gcc, r-patched-linux-x86_64, r-patched-solaris-x86, r-release-linux-x86_64

Version: 3.4.6
Check: package dependencies
Result: NOTE
    Imports includes 27 non-default packages.
    Importing from so many packages makes the package vulnerable to any of
    them becoming unavailable. Move as many as possible to Suggests and
    use conditionally.
Flavor: r-devel-linux-x86_64-fedora-clang