CRAN Package Check Results for Package biomod2

Last updated on 2020-06-07 01:48:08 CEST.

Flavor Version Tinstall Tcheck Ttotal Status Flags
r-devel-linux-x86_64-debian-clang 3.4.6 43.22 258.21 301.43 NOTE
r-devel-linux-x86_64-debian-gcc 3.4.6 37.78 195.82 233.60 NOTE
r-devel-linux-x86_64-fedora-clang 3.4.6 388.58 NOTE
r-devel-linux-x86_64-fedora-gcc 3.4.6 401.34 NOTE
r-devel-windows-ix86+x86_64 3.4.6 113.00 334.00 447.00 OK
r-patched-linux-x86_64 3.4.6 45.03 252.60 297.63 NOTE
r-patched-solaris-x86 3.4.6 508.90 NOTE
r-release-linux-x86_64 3.4.6 44.30 253.85 298.15 NOTE
r-release-osx-x86_64 3.4.6 OK
r-release-windows-ix86+x86_64 3.4.6 102.00 340.00 442.00 OK
r-oldrel-osx-x86_64 3.4.6 OK
r-oldrel-windows-ix86+x86_64 3.4.6 97.00 323.00 420.00 OK

Check Details

Version: 3.4.6
Check: for non-standard things in the check directory
Result: NOTE
    Found the following files/directories:
     'GuloGulo'
Flavors: r-devel-linux-x86_64-debian-clang, r-devel-linux-x86_64-debian-gcc, r-devel-linux-x86_64-fedora-clang, r-devel-linux-x86_64-fedora-gcc, r-patched-linux-x86_64, r-patched-solaris-x86, r-release-linux-x86_64

Version: 3.4.6
Check: package dependencies
Result: NOTE
    Imports includes 27 non-default packages.
    Importing from so many packages makes the package vulnerable to any of
    them becoming unavailable. Move as many as possible to Suggests and
    use conditionally.
Flavor: r-devel-linux-x86_64-fedora-clang