Last updated on 2021-01-16 00:47:24 CET.
Flavor | Version | Tinstall | Tcheck | Ttotal | Status | Flags |
---|---|---|---|---|---|---|
r-devel-linux-x86_64-debian-clang | 1.2.3 | 8.75 | 71.23 | 79.98 | OK | |
r-devel-linux-x86_64-debian-gcc | 1.2.3 | 8.16 | 56.38 | 64.54 | OK | |
r-devel-linux-x86_64-fedora-clang | 1.2.3 | 105.62 | OK | |||
r-devel-linux-x86_64-fedora-gcc | 1.2.3 | 96.48 | OK | |||
r-devel-windows-ix86+x86_64 | 1.2.3 | 15.00 | 84.00 | 99.00 | OK | |
r-patched-linux-x86_64 | 1.2.3 | 9.63 | 68.65 | 78.28 | OK | |
r-patched-solaris-x86 | 1.2.3 | 144.50 | OK | |||
r-release-linux-x86_64 | 1.2.3 | 8.86 | 68.84 | 77.70 | OK | |
r-release-macos-x86_64 | 1.2.3 | OK | ||||
r-release-windows-ix86+x86_64 | 1.2.3 | 14.00 | 78.00 | 92.00 | OK | |
r-oldrel-macos-x86_64 | 1.2.3 | WARN | ||||
r-oldrel-windows-ix86+x86_64 | 1.2.3 | 12.00 | 65.00 | 77.00 | OK |
Version: 1.2.3
Check: whether package can be installed
Result: WARN
Found the following significant warnings:
Warning: 'rgl.init' failed, running with 'rgl.useNULL = TRUE'.
Flavor: r-oldrel-macos-x86_64