Last updated on 2023-12-03 08:50:02 CET.
Flavor | Version | Tinstall | Tcheck | Ttotal | Status | Flags |
---|---|---|---|---|---|---|
r-devel-linux-x86_64-debian-clang | 1.2.3 | 7.84 | 72.66 | 80.50 | NOTE | |
r-devel-linux-x86_64-debian-gcc | 1.2.3 | 7.44 | 55.40 | 62.84 | NOTE | |
r-devel-linux-x86_64-fedora-clang | 1.2.3 | 97.46 | OK | |||
r-devel-linux-x86_64-fedora-gcc | 1.2.3 | 94.93 | OK | |||
r-devel-windows-x86_64 | 1.2.3 | 9.00 | 85.00 | 94.00 | OK | |
r-patched-linux-x86_64 | 1.2.3 | 8.78 | 71.25 | 80.03 | OK | |
r-release-linux-x86_64 | 1.2.3 | 9.10 | 71.13 | 80.23 | OK | |
r-release-macos-arm64 | 1.2.3 | 35.00 | OK | |||
r-release-macos-x86_64 | 1.2.3 | 54.00 | OK | |||
r-release-windows-x86_64 | 1.2.3 | 12.00 | 98.00 | 110.00 | OK | |
r-oldrel-macos-arm64 | 1.2.3 | 36.00 | OK | |||
r-oldrel-macos-x86_64 | 1.2.3 | 100.00 | OK | |||
r-oldrel-windows-x86_64 | 1.2.3 | 13.00 | 99.00 | 112.00 | OK |
Version: 1.2.3
Check: Rd files
Result: NOTE
checkRd: (-1) mmds.2D.multi.Rd:118: Lost braces
118 | a numeric value in inches indicating the height of graph outfile. Default differs by outfile.type. The resolution for tiff and png figures is 150 dpi. See \code{pdf}, code{tiff}, \code{png}, \code{postscript}.
| ^
checkRd: (-1) mmds.2D.plot.Rd:134: Lost braces
134 | a numeric value in inches indicating the height of graph outfile. Default differs by outfile.type. The resolution for tiff and png figures is 150 dpi. See \code{pdf}, code{tiff}, \code{png}, \code{postscript}.
| ^
Flavors: r-devel-linux-x86_64-debian-clang, r-devel-linux-x86_64-debian-gcc