CRAN Package Check Results for Package bistablehistory

Last updated on 2023-01-27 00:50:57 CET.

Flavor Version Tinstall Tcheck Ttotal Status Flags
r-devel-linux-x86_64-debian-clang 1.1.1 159.84 134.68 294.52 NOTE
r-devel-linux-x86_64-debian-gcc 1.1.1 140.37 110.58 250.95 NOTE
r-devel-linux-x86_64-fedora-clang 1.1.1 400.22 NOTE
r-devel-linux-x86_64-fedora-gcc 1.1.1 436.24 NOTE
r-devel-windows-x86_64 1.1.1 210.00 214.00 424.00 NOTE
r-patched-linux-x86_64 1.1.1 137.82 142.30 280.12 NOTE
r-release-linux-x86_64 1.1.1 111.04 141.34 252.38 NOTE
r-release-macos-arm64 1.1.1 133.00 NOTE
r-release-macos-x86_64 1.1.1 207.00 NOTE
r-release-windows-x86_64 1.1.1 181.00 222.00 403.00 NOTE
r-oldrel-macos-arm64 1.1.1 94.00 NOTE
r-oldrel-macos-x86_64 1.1.1 143.00 NOTE
r-oldrel-windows-ix86+x86_64 1.1.1 90.00 47.00 137.00 ERROR

Check Details

Version: 1.1.1
Check: for GNU extensions in Makefiles
Result: NOTE
    GNU make is a SystemRequirements.
Flavors: r-devel-linux-x86_64-debian-clang, r-devel-linux-x86_64-debian-gcc, r-devel-linux-x86_64-fedora-clang, r-devel-linux-x86_64-fedora-gcc, r-devel-windows-x86_64, r-patched-linux-x86_64, r-release-linux-x86_64, r-release-macos-arm64, r-release-macos-x86_64, r-release-windows-x86_64, r-oldrel-macos-arm64, r-oldrel-macos-x86_64

Version: 1.1.1
Check: dependencies in R code
Result: NOTE
    Namespaces in Imports field not imported from:
     ‘RcppParallel’ ‘magrittr’
     All declared Imports should be used.
Flavors: r-devel-linux-x86_64-fedora-clang, r-devel-linux-x86_64-fedora-gcc, r-release-macos-arm64, r-release-macos-x86_64, r-oldrel-macos-arm64, r-oldrel-macos-x86_64

Version: 1.1.1
Check: C++ specification
Result: NOTE
     Specified C++14: please update to current default of C++17
Flavor: r-devel-linux-x86_64-fedora-gcc

Version: 1.1.1
Check: installed package size
Result: NOTE
     installed size is 38.6Mb
     sub-directories of 1Mb or more:
     libs 37.6Mb
Flavors: r-release-macos-arm64, r-release-macos-x86_64, r-oldrel-macos-arm64, r-oldrel-macos-x86_64

Version: 1.1.1
Check: whether package can be installed
Result: ERROR
    Installation failed.
Flavor: r-oldrel-windows-ix86+x86_64