CRAN Package Check Results for Package bit64

Last updated on 2020-01-23 00:57:20 CET.

Flavor Version Tinstall Tcheck Ttotal Status Flags
r-devel-linux-x86_64-debian-clang 0.9-7 15.24 46.34 61.58 OK
r-devel-linux-x86_64-debian-gcc 0.9-7 10.23 35.81 46.04 OK
r-devel-linux-x86_64-fedora-clang 0.9-7 75.39 WARN
r-devel-linux-x86_64-fedora-gcc 0.9-7 71.76 OK
r-devel-windows-ix86+x86_64 0.9-7 43.00 96.00 139.00 OK
r-devel-windows-ix86+x86_64-gcc8 0.9-7 39.00 97.00 136.00 OK
r-patched-linux-x86_64 0.9-7 10.92 42.65 53.57 OK
r-patched-solaris-x86 0.9-7 90.00 OK
r-release-linux-x86_64 0.9-7 10.96 42.34 53.30 OK
r-release-windows-ix86+x86_64 0.9-7 29.00 90.00 119.00 OK
r-release-osx-x86_64 0.9-7 OK
r-oldrel-windows-ix86+x86_64 0.9-7 43.00 67.00 110.00 OK
r-oldrel-osx-x86_64 0.9-7 OK

Additional issues

clang-UBSAN gcc-UBSAN LTO rchk

Check Details

Version: 0.9-7
Check: package dependencies
Result: WARN
    Requires orphaned package: ‘bit’
Flavor: r-devel-linux-x86_64-fedora-clang