CRAN Package Check Results for Package bit64

Last updated on 2020-08-15 02:10:48 CEST.

Flavor Version Tinstall Tcheck Ttotal Status Flags
r-devel-linux-x86_64-debian-clang 4.0.2 15.99 50.02 66.01 OK
r-devel-linux-x86_64-debian-gcc 4.0.2 10.26 38.70 48.96 OK
r-devel-linux-x86_64-fedora-clang 4.0.2 88.51 NOTE
r-devel-linux-x86_64-fedora-gcc 4.0.2 74.81 OK
r-devel-windows-ix86+x86_64 4.0.2 38.00 63.00 101.00 OK
r-patched-linux-x86_64 4.0.2 12.79 51.01 63.80 OK
r-patched-solaris-x86 4.0.2 108.00 OK
r-release-linux-x86_64 4.0.2 12.48 49.97 62.45 OK
r-release-macos-x86_64 4.0.2 OK
r-release-windows-ix86+x86_64 4.0.2 37.00 58.00 95.00 OK
r-oldrel-macos-x86_64 4.0.2 OK
r-oldrel-windows-ix86+x86_64 4.0.2 29.00 69.00 98.00 OK

Additional issues

clang-UBSAN gcc-UBSAN LTO rchk

Check Details

Version: 4.0.2
Check: Rd cross-references
Result: NOTE
    Undeclared packages ‘ff’, ‘digest’ in Rd xrefs
Flavor: r-devel-linux-x86_64-fedora-clang