CRAN Package Check Results for Package blatent

Last updated on 2021-12-03 00:48:35 CET.

Flavor Version Tinstall Tcheck Ttotal Status Flags
r-devel-linux-x86_64-debian-clang 0.1.1 114.89 43.25 158.14 NOTE
r-devel-linux-x86_64-debian-gcc 0.1.1 88.02 33.66 121.68 NOTE
r-devel-linux-x86_64-fedora-clang 0.1.1 258.37 NOTE
r-devel-linux-x86_64-fedora-gcc 0.1.1 224.88 NOTE
r-devel-windows-x86_64-new-UL 0.1.1 158.00 105.00 263.00 NOTE
r-devel-windows-x86_64-new-TK 0.1.1 NOTE
r-devel-windows-x86_64-old 0.1.1 158.00 54.00 212.00 NOTE
r-patched-linux-x86_64 0.1.1 97.48 41.92 139.40 NOTE
r-patched-solaris-x86 0.1.1 199.10 NOTE
r-release-linux-x86_64 0.1.1 107.22 41.78 149.00 NOTE
r-release-macos-arm64 0.1.1 NOTE
r-release-macos-x86_64 0.1.1 NOTE
r-release-windows-ix86+x86_64 0.1.1 296.00 86.00 382.00 NOTE
r-oldrel-macos-x86_64 0.1.1 OK
r-oldrel-windows-ix86+x86_64 0.1.1 299.00 88.00 387.00 OK

Check Details

Version: 0.1.1
Check: LazyData
Result: NOTE
     'LazyData' is specified without a 'data' directory
Flavors: r-devel-linux-x86_64-debian-clang, r-devel-linux-x86_64-debian-gcc, r-devel-linux-x86_64-fedora-clang, r-devel-linux-x86_64-fedora-gcc, r-devel-windows-x86_64-new-UL, r-devel-windows-x86_64-new-TK, r-devel-windows-x86_64-old, r-patched-linux-x86_64, r-patched-solaris-x86, r-release-linux-x86_64, r-release-macos-arm64, r-release-macos-x86_64, r-release-windows-ix86+x86_64

Version: 0.1.1
Check: installed package size
Result: NOTE
     installed size is 5.4Mb
     sub-directories of 1Mb or more:
     libs 5.0Mb
Flavor: r-release-macos-arm64