CRAN Package Check Results for Package blavaan

Last updated on 2020-02-17 00:49:05 CET.

Flavor Version Tinstall Tcheck Ttotal Status Flags
r-devel-linux-x86_64-debian-clang 0.3-8 267.73 186.72 454.45 NOTE
r-devel-linux-x86_64-debian-gcc 0.3-8 0.43 1.79 2.22 ERROR
r-devel-linux-x86_64-fedora-clang 0.3-8 619.75 NOTE
r-devel-windows-ix86+x86_64 0.3-8 367.00 283.00 650.00 NOTE
r-devel-windows-ix86+x86_64-gcc8 0.3-8 519.00 380.00 899.00 NOTE
r-patched-linux-x86_64 0.3-8 224.26 160.53 384.79 NOTE
r-patched-solaris-x86 0.3-8 540.40 NOTE
r-release-linux-x86_64 0.3-8 225.68 160.13 385.81 NOTE
r-release-windows-ix86+x86_64 0.3-8 309.00 249.00 558.00 NOTE
r-release-osx-x86_64 0.3-8 NOTE
r-oldrel-windows-ix86+x86_64 0.3-8 294.00 243.00 537.00 NOTE
r-oldrel-osx-x86_64 0.3-8 NOTE

Check Details

Version: 0.3-8
Check: for GNU extensions in Makefiles
Result: NOTE
    GNU make is a SystemRequirements.
Flavors: r-devel-linux-x86_64-debian-clang, r-devel-linux-x86_64-fedora-clang, r-devel-windows-ix86+x86_64, r-devel-windows-ix86+x86_64-gcc8, r-patched-linux-x86_64, r-patched-solaris-x86, r-release-linux-x86_64, r-release-windows-ix86+x86_64, r-release-osx-x86_64, r-oldrel-windows-ix86+x86_64, r-oldrel-osx-x86_64

Version: 0.3-8
Check: package dependencies
Result: ERROR
    Package required but not available: ‘MCMCpack’
    
    See section ‘The DESCRIPTION file’ in the ‘Writing R Extensions’
    manual.
Flavor: r-devel-linux-x86_64-debian-gcc

Version: 0.3-8
Check: installed package size
Result: NOTE
     installed size is 49.9Mb
     sub-directories of 1Mb or more:
     libs 48.1Mb
Flavors: r-devel-linux-x86_64-fedora-clang, r-devel-windows-ix86+x86_64, r-devel-windows-ix86+x86_64-gcc8, r-release-windows-ix86+x86_64, r-release-osx-x86_64, r-oldrel-windows-ix86+x86_64, r-oldrel-osx-x86_64