CRAN Package Check Results for Package blavaan

Last updated on 2019-12-11 00:49:13 CET.

Flavor Version Tinstall Tcheck Ttotal Status Flags
r-devel-linux-x86_64-debian-clang 0.3-8 253.37 181.77 435.14 NOTE
r-devel-linux-x86_64-debian-gcc 0.3-8 220.79 142.63 363.42 NOTE
r-devel-linux-x86_64-fedora-clang 0.3-8 595.33 NOTE
r-devel-linux-x86_64-fedora-gcc 0.3-8 612.58 NOTE
r-devel-windows-ix86+x86_64 0.3-8 338.00 372.00 710.00 NOTE
r-devel-windows-ix86+x86_64-gcc8 0.3-8 378.00 283.00 661.00 NOTE
r-patched-linux-x86_64 0.3-8 222.74 161.31 384.05 NOTE
r-patched-solaris-x86 0.3-8 563.30 NOTE
r-release-linux-x86_64 0.3-8 222.09 162.51 384.60 NOTE
r-release-windows-ix86+x86_64 0.3-8 327.00 252.00 579.00 NOTE
r-release-osx-x86_64 0.3-8 NOTE
r-oldrel-windows-ix86+x86_64 0.3-8 302.00 229.00 531.00 NOTE
r-oldrel-osx-x86_64 0.3-8 NOTE

Check Details

Version: 0.3-8
Check: for GNU extensions in Makefiles
Result: NOTE
    GNU make is a SystemRequirements.
Flavors: r-devel-linux-x86_64-debian-clang, r-devel-linux-x86_64-debian-gcc, r-devel-linux-x86_64-fedora-clang, r-devel-linux-x86_64-fedora-gcc, r-devel-windows-ix86+x86_64, r-devel-windows-ix86+x86_64-gcc8, r-patched-linux-x86_64, r-patched-solaris-x86, r-release-linux-x86_64, r-release-windows-ix86+x86_64, r-release-osx-x86_64, r-oldrel-windows-ix86+x86_64, r-oldrel-osx-x86_64

Version: 0.3-8
Check: installed package size
Result: NOTE
     installed size is 49.9Mb
     sub-directories of 1Mb or more:
     libs 48.1Mb
Flavors: r-devel-linux-x86_64-fedora-clang, r-devel-windows-ix86+x86_64, r-devel-windows-ix86+x86_64-gcc8, r-release-windows-ix86+x86_64, r-release-osx-x86_64, r-oldrel-windows-ix86+x86_64, r-oldrel-osx-x86_64