CRAN Package Check Results for Package blme

Last updated on 2020-04-02 01:53:05 CEST.

Flavor Version Tinstall Tcheck Ttotal Status Flags
r-devel-linux-x86_64-debian-clang 1.0-4 12.44 101.25 113.69 NOTE
r-devel-linux-x86_64-debian-gcc 1.0-4 10.27 76.12 86.39 NOTE
r-devel-linux-x86_64-fedora-clang 1.0-4 132.38 NOTE
r-devel-linux-x86_64-fedora-gcc 1.0-4 130.52 NOTE
r-devel-windows-ix86+x86_64 1.0-4 22.00 100.00 122.00 NOTE
r-devel-windows-ix86+x86_64-gcc8 1.0-4 22.00 108.00 130.00 NOTE
r-patched-linux-x86_64 1.0-4 11.23 94.76 105.99 NOTE
r-patched-solaris-x86 1.0-4 195.50 NOTE
r-release-linux-x86_64 1.0-4 7.88 85.85 93.73 NOTE
r-release-windows-ix86+x86_64 1.0-4 19.00 169.00 188.00 NOTE
r-release-osx-x86_64 1.0-4 NOTE
r-oldrel-windows-ix86+x86_64 1.0-4 17.00 136.00 153.00 NOTE
r-oldrel-osx-x86_64 1.0-4 NOTE

Check Details

Version: 1.0-4
Check: R code for possible problems
Result: NOTE
    bglmer: no visible global function definition for 'packageVersion'
    getBglmerDevianceFunctionBody: no visible global function definition
     for 'packageVersion'
    getParInfo : <anonymous>: no visible global function definition for
     'sd'
    makeRefitDevFun: no visible global function definition for
     'packageVersion'
    mkBglmerDevfun: no visible global function definition for
     'packageVersion'
    namedList: no visible global function definition for 'setNames'
    refit.bmerMod: no visible global function definition for
     'packageVersion'
    refit.bmerMod: no visible global function definition for 'model.frame'
    refit.bmerMod: no visible global function definition for 'family'
    refit.bmerMod: no visible global function definition for 'getCall'
    Undefined global functions or variables:
     family getCall model.frame packageVersion sd setNames
    Consider adding
     importFrom("stats", "family", "getCall", "model.frame", "sd",
     "setNames")
     importFrom("utils", "packageVersion")
    to your NAMESPACE file.
Flavors: r-devel-linux-x86_64-debian-clang, r-devel-linux-x86_64-debian-gcc, r-devel-linux-x86_64-fedora-clang, r-devel-linux-x86_64-fedora-gcc, r-devel-windows-ix86+x86_64, r-devel-windows-ix86+x86_64-gcc8, r-patched-linux-x86_64, r-patched-solaris-x86, r-release-linux-x86_64, r-release-windows-ix86+x86_64, r-release-osx-x86_64, r-oldrel-windows-ix86+x86_64, r-oldrel-osx-x86_64