CRAN Package Check Results for Package blockRAR

Last updated on 2020-04-03 01:49:11 CEST.

Flavor Version Tinstall Tcheck Ttotal Status Flags
r-devel-linux-x86_64-debian-clang 1.0.2 10.82 138.50 149.32 OK
r-devel-linux-x86_64-debian-gcc 1.0.2 9.09 102.71 111.80 OK
r-devel-linux-x86_64-fedora-clang 1.0.2 177.72 OK
r-devel-linux-x86_64-fedora-gcc 1.0.2 168.41 OK
r-devel-windows-ix86+x86_64 1.0.2 24.00 153.00 177.00 OK
r-devel-windows-ix86+x86_64-gcc8 1.0.2 23.00 153.00 176.00 OK
r-patched-linux-x86_64 1.0.2 11.28 130.81 142.09 OK
r-patched-solaris-x86 1.0.2 277.70 OK
r-release-linux-x86_64 1.0.2 8.78 122.55 131.33 OK
r-release-windows-ix86+x86_64 1.0.2 20.00 157.00 177.00 OK
r-release-osx-x86_64 1.0.2 OK
r-oldrel-windows-ix86+x86_64 1.0.2 14.00 173.00 187.00 ERROR
r-oldrel-osx-x86_64 1.0.2 ERROR

Check Details

Version: 1.0.2
Check: tests
Result: ERROR
     Running 'testthat.R' [68s]
    Running the tests in 'tests/testthat.R' failed.
    Complete output:
     > library(testthat)
     > test_check("blockRAR")
     Loading required package: blockRAR
     -- 1. Failure: the binomial frequentist RAR output is (@test_binomialfreq.R#10)
     ...$NULL not equal to 1.
     1/1 mismatches
     [1] 0.8 - 1 == -0.2
    
     -- 2. Failure: the binomial frequentist RAR output is (@test_binomialfreq.R#23)
     ...$NULL not equal to 0.
     1/1 mismatches
     [1] 0.1 - 0 == 0.1
    
     == testthat results ===========================================================
     [ OK: 50 | SKIPPED: 0 | WARNINGS: 1021 | FAILED: 2 ]
     1. Failure: the binomial frequentist RAR output is (@test_binomialfreq.R#10)
     2. Failure: the binomial frequentist RAR output is (@test_binomialfreq.R#23)
    
     Error: testthat unit tests failed
     Execution halted
Flavor: r-oldrel-windows-ix86+x86_64

Version: 1.0.2
Check: tests
Result: ERROR
     Running ‘testthat.R’ [39s/39s]
    Running the tests in ‘tests/testthat.R’ failed.
    Last 13 lines of output:
     1/1 mismatches
     [1] 0.8 - 1 == -0.2
    
     ── 2. Failure: the binomial frequentist RAR output is (@test_binomialfreq.R#23)
     ...$NULL not equal to 0.
     1/1 mismatches
     [1] 0.1 - 0 == 0.1
    
     ══ testthat results ═══════════════════════════════════════════════════════════
     [ OK: 50 | SKIPPED: 0 | WARNINGS: 1021 | FAILED: 2 ]
     1. Failure: the binomial frequentist RAR output is (@test_binomialfreq.R#10)
     2. Failure: the binomial frequentist RAR output is (@test_binomialfreq.R#23)
    
     Error: testthat unit tests failed
     Execution halted
Flavor: r-oldrel-osx-x86_64