Last updated on 2023-12-04 07:50:49 CET.
Flavor | Version | Tinstall | Tcheck | Ttotal | Status | Flags |
---|---|---|---|---|---|---|
r-devel-linux-x86_64-debian-clang | 1.0-2 | 6.80 | 50.23 | 57.03 | OK | |
r-devel-linux-x86_64-debian-gcc | 1.0-2 | 6.23 | 38.30 | 44.53 | OK | |
r-devel-linux-x86_64-fedora-clang | 1.0-2 | 76.07 | NOTE | |||
r-devel-linux-x86_64-fedora-gcc | 1.0-2 | 70.71 | NOTE | |||
r-devel-windows-x86_64 | 1.0-2 | 8.00 | 55.00 | 63.00 | OK | |
r-patched-linux-x86_64 | 1.0-2 | 8.78 | 49.80 | 58.58 | OK | |
r-release-linux-x86_64 | 1.0-2 | 7.88 | 49.36 | 57.24 | OK | |
r-release-macos-arm64 | 1.0-2 | 27.00 | OK | |||
r-release-macos-x86_64 | 1.0-2 | 36.00 | OK | |||
r-release-windows-x86_64 | 1.0-2 | 10.00 | 62.00 | 72.00 | OK | |
r-oldrel-macos-arm64 | 1.0-2 | 22.00 | NOTE | |||
r-oldrel-macos-x86_64 | 1.0-2 | 30.00 | NOTE | |||
r-oldrel-windows-x86_64 | 1.0-2 | 11.00 | 66.00 | 77.00 | OK |
Version: 1.0-2
Check: dependencies in R code
Result: NOTE
Namespace in Imports field not imported from: ‘shiny’
All declared Imports should be used.
Flavors: r-devel-linux-x86_64-fedora-clang, r-devel-linux-x86_64-fedora-gcc, r-oldrel-macos-arm64, r-oldrel-macos-x86_64