Last updated on 2023-01-29 00:53:29 CET.
Flavor | Version | Tinstall | Tcheck | Ttotal | Status | Flags |
---|---|---|---|---|---|---|
r-devel-linux-x86_64-debian-clang | 1.3.12 | 246.74 | 104.73 | 351.47 | NOTE | |
r-devel-linux-x86_64-debian-gcc | 1.3.12 | 216.63 | 90.99 | 307.62 | NOTE | |
r-devel-linux-x86_64-fedora-clang | 1.3.12 | 454.39 | NOTE | |||
r-devel-linux-x86_64-fedora-gcc | 1.3.12 | 534.37 | NOTE | |||
r-devel-windows-x86_64 | 1.3.12 | 186.00 | 175.00 | 361.00 | NOTE | |
r-patched-linux-x86_64 | 1.3.12 | 176.78 | 113.37 | 290.15 | NOTE | |
r-release-linux-x86_64 | 1.3.12 | 165.45 | 112.23 | 277.68 | NOTE | |
r-release-macos-arm64 | 1.3.12 | 134.00 | NOTE | |||
r-release-macos-x86_64 | 1.3.12 | 208.00 | NOTE | |||
r-release-windows-x86_64 | 1.3.12 | 206.00 | 177.00 | 383.00 | NOTE | |
r-oldrel-macos-arm64 | 1.3.12 | 138.00 | NOTE | |||
r-oldrel-macos-x86_64 | 1.3.12 | 162.00 | NOTE | |||
r-oldrel-windows-ix86+x86_64 | 1.3.12 | 275.00 | 146.00 | 421.00 | NOTE |
Version: 1.3.12
Check: for GNU extensions in Makefiles
Result: NOTE
GNU make is a SystemRequirements.
Flavors: r-devel-linux-x86_64-debian-clang, r-devel-linux-x86_64-debian-gcc, r-devel-linux-x86_64-fedora-clang, r-devel-linux-x86_64-fedora-gcc, r-devel-windows-x86_64, r-patched-linux-x86_64, r-release-linux-x86_64, r-release-macos-arm64, r-release-macos-x86_64, r-release-windows-x86_64, r-oldrel-macos-arm64, r-oldrel-macos-x86_64, r-oldrel-windows-ix86+x86_64
Version: 1.3.12
Check: C++ specification
Result: NOTE
Specified C++14: please update to current default of C++17
Flavors: r-devel-linux-x86_64-debian-gcc, r-devel-linux-x86_64-fedora-gcc
Version: 1.3.12
Check: dependencies in R code
Result: NOTE
Namespaces in Imports field not imported from:
‘RcppParallel’ ‘rstantools’
All declared Imports should be used.
Flavors: r-devel-linux-x86_64-fedora-clang, r-devel-linux-x86_64-fedora-gcc, r-release-macos-arm64, r-release-macos-x86_64, r-oldrel-macos-arm64, r-oldrel-macos-x86_64
Version: 1.3.12
Check: installed package size
Result: NOTE
installed size is 45.5Mb
sub-directories of 1Mb or more:
libs 45.1Mb
Flavors: r-release-macos-arm64, r-release-macos-x86_64, r-oldrel-macos-arm64, r-oldrel-macos-x86_64