CRAN Package Check Results for Package bnclassify

Last updated on 2021-09-21 01:49:56 CEST.

Flavor Version Tinstall Tcheck Ttotal Status Flags
r-devel-linux-x86_64-debian-clang 0.4.5 111.51 115.52 227.03 OK
r-devel-linux-x86_64-debian-gcc 0.4.5 70.06 80.65 150.71 OK
r-devel-linux-x86_64-fedora-clang 0.4.5 305.11 NOTE
r-devel-linux-x86_64-fedora-gcc 0.4.5 262.21 OK
r-devel-windows-x86_64 0.4.5 111.00 132.00 243.00 OK
r-devel-windows-x86_64-gcc10-UCRT 0.4.5 ERROR
r-patched-linux-x86_64 0.4.5 85.35 111.39 196.74 OK
r-patched-solaris-x86 0.4.5 239.90 OK
r-release-linux-x86_64 0.4.5 86.75 110.58 197.33 OK
r-release-macos-arm64 0.4.5 NOTE
r-release-macos-x86_64 0.4.5 NOTE
r-release-windows-ix86+x86_64 0.4.5 249.00 182.00 431.00 OK
r-oldrel-macos-x86_64 0.4.5 NOTE
r-oldrel-windows-ix86+x86_64 0.4.5 244.00 222.00 466.00 OK

Check Details

Version: 0.4.5
Check: installed package size
Result: NOTE
     installed size is 6.3Mb
     sub-directories of 1Mb or more:
     libs 5.5Mb
Flavors: r-devel-linux-x86_64-fedora-clang, r-release-macos-arm64, r-release-macos-x86_64, r-oldrel-macos-x86_64

Version: 0.4.5
Check: whether package can be installed
Result: ERROR
    Installation failed.
Flavor: r-devel-windows-x86_64-gcc10-UCRT

Version: 0.4.5
Check: package dependencies
Result: NOTE
    Packages suggested but not available for checking: 'gRain', 'gRbase'
Flavor: r-release-macos-arm64

Version: 0.4.5
Check: Rd cross-references
Result: NOTE
    Package unavailable to check Rd xrefs: ‘gRain’
Flavor: r-release-macos-arm64