CRAN Package Check Results for Package bndesr

Last updated on 2023-11-28 07:52:56 CET.

Flavor Version Tinstall Tcheck Ttotal Status Flags
r-devel-linux-x86_64-debian-clang 1.0.3 2.84 32.69 35.53 OK
r-devel-linux-x86_64-debian-gcc 1.0.3 1.84 24.78 26.62 OK
r-devel-linux-x86_64-fedora-clang 1.0.3 43.83 NOTE
r-devel-linux-x86_64-fedora-gcc 1.0.3 42.85 NOTE
r-devel-windows-x86_64 1.0.3 4.00 60.00 64.00 OK
r-patched-linux-x86_64 1.0.3 2.83 31.65 34.48 OK
r-release-linux-x86_64 1.0.3 2.48 31.67 34.15 OK
r-release-macos-arm64 1.0.3 35.00 OK
r-release-macos-x86_64 1.0.3 48.00 OK
r-release-windows-x86_64 1.0.3 4.00 62.00 66.00 OK
r-oldrel-macos-arm64 1.0.3 35.00 OK
r-oldrel-macos-x86_64 1.0.3 42.00 OK
r-oldrel-windows-x86_64 1.0.3 5.00 68.00 73.00 OK

Check Details

Version: 1.0.3
Check: dependencies in R code
Result: NOTE Namespace in Imports field not imported from: ‘curl’ All declared Imports should be used. Flavors: r-devel-linux-x86_64-fedora-clang, r-devel-linux-x86_64-fedora-gcc