Last updated on 2022-08-17 01:52:04 CEST.
Flavor | Version | Tinstall | Tcheck | Ttotal | Status | Flags |
---|---|---|---|---|---|---|
r-devel-linux-x86_64-debian-clang | 4.7.1 | 48.84 | 115.44 | 164.28 | OK | |
r-devel-linux-x86_64-debian-gcc | 4.7.1 | 37.53 | 84.87 | 122.40 | OK | |
r-devel-linux-x86_64-fedora-clang | 4.7.1 | 206.11 | OK | |||
r-devel-linux-x86_64-fedora-gcc | 4.7.1 | 209.34 | OK | |||
r-devel-windows-x86_64 | 4.7.1 | 192.00 | 129.00 | 321.00 | OK | |
r-patched-linux-x86_64 | 4.7.1 | 42.06 | 109.66 | 151.72 | OK | |
r-release-linux-x86_64 | 4.7.1 | 38.19 | 107.74 | 145.93 | OK | |
r-release-macos-arm64 | 4.7.1 | 53.00 | NOTE | |||
r-release-macos-x86_64 | 4.7.1 | 76.00 | OK | |||
r-release-windows-x86_64 | 4.7.1 | 205.00 | 151.00 | 356.00 | OK | |
r-oldrel-macos-arm64 | 4.7.1 | 49.00 | OK | |||
r-oldrel-macos-x86_64 | 4.7.1 | 76.00 | OK | |||
r-oldrel-windows-ix86+x86_64 | 4.7.1 | 147.00 | 156.00 | 303.00 | OK |
Version: 4.7.1
Check: package dependencies
Result: NOTE
Packages suggested but not available for checking:
'graph', 'Rgraphviz', 'gRain'
Flavor: r-release-macos-arm64