CRAN Package Check Results for Package bnviewer

Last updated on 2022-12-04 01:53:08 CET.

Flavor Version Tinstall Tcheck Ttotal Status Flags
r-devel-linux-x86_64-debian-clang 0.1.6 5.21 49.47 54.68 NOTE
r-devel-linux-x86_64-debian-gcc 0.1.6 3.88 38.23 42.11 NOTE
r-devel-linux-x86_64-fedora-clang 0.1.6 78.15 NOTE
r-devel-linux-x86_64-fedora-gcc 0.1.6 73.73 NOTE
r-devel-windows-x86_64 0.1.6 12.00 82.00 94.00 NOTE
r-patched-linux-x86_64 0.1.6 4.41 47.07 51.48 NOTE
r-release-linux-x86_64 0.1.6 2.93 45.96 48.89 NOTE
r-release-macos-arm64 0.1.6 25.00 NOTE
r-release-macos-x86_64 0.1.6 41.00 NOTE
r-release-windows-x86_64 0.1.6 11.00 87.00 98.00 NOTE
r-oldrel-macos-arm64 0.1.6 29.00 NOTE
r-oldrel-macos-x86_64 0.1.6 38.00 NOTE
r-oldrel-windows-ix86+x86_64 0.1.6 12.00 75.00 87.00 NOTE

Check Details

Version: 0.1.6
Check: LazyData
Result: NOTE
     'LazyData' is specified without a 'data' directory
Flavors: r-devel-linux-x86_64-debian-clang, r-devel-linux-x86_64-debian-gcc, r-devel-linux-x86_64-fedora-clang, r-devel-linux-x86_64-fedora-gcc, r-devel-windows-x86_64, r-patched-linux-x86_64, r-release-linux-x86_64, r-release-macos-arm64, r-release-macos-x86_64, r-release-windows-x86_64, r-oldrel-macos-arm64, r-oldrel-macos-x86_64, r-oldrel-windows-ix86+x86_64

Version: 0.1.6
Check: dependencies in R code
Result: NOTE
    Namespaces in Imports field not imported from:
     ‘caret’ ‘e1071’
     All declared Imports should be used.
Flavors: r-devel-linux-x86_64-fedora-clang, r-devel-linux-x86_64-fedora-gcc, r-release-macos-arm64, r-release-macos-x86_64, r-oldrel-macos-arm64, r-oldrel-macos-x86_64