CRAN Package Check Results for Package bold

Last updated on 2021-09-22 01:48:31 CEST.

Flavor Version Tinstall Tcheck Ttotal Status Flags
r-devel-linux-x86_64-debian-clang 1.2.0 5.02 67.36 72.38 OK
r-devel-linux-x86_64-debian-gcc 1.2.0 3.54 52.68 56.22 OK
r-devel-linux-x86_64-fedora-clang 1.2.0 95.85 OK
r-devel-linux-x86_64-fedora-gcc 1.2.0 79.54 OK
r-devel-windows-x86_64 1.2.0 5.00 72.00 77.00 OK
r-devel-windows-x86_64-gcc10-UCRT 1.2.0 ERROR
r-patched-linux-x86_64 1.2.0 4.55 68.94 73.49 OK
r-patched-solaris-x86 1.2.0 132.90 OK
r-release-linux-x86_64 1.2.0 4.91 69.86 74.77 OK
r-release-macos-arm64 1.2.0 NOTE
r-release-macos-x86_64 1.2.0 NOTE
r-release-windows-ix86+x86_64 1.2.0 9.00 76.00 85.00 OK
r-oldrel-macos-x86_64 1.2.0 NOTE
r-oldrel-windows-ix86+x86_64 1.2.0 10.00 71.00 81.00 OK

Check Details

Version: 1.2.0
Check: whether package can be installed
Result: WARN
    Found the following significant warnings:
     WARNING: installation-time patches will not be applied, could not get the patches index
Flavor: r-devel-windows-x86_64-gcc10-UCRT

Version: 1.2.0
Check: PDF version of manual
Result: WARN
    LaTeX errors when creating PDF version.
    This typically indicates Rd problems.
Flavor: r-devel-windows-x86_64-gcc10-UCRT

Version: 1.2.0
Check: PDF version of manual without hyperrefs or index
Result: ERROR
    Re-running with no redirection of stdout/stderr.
Flavor: r-devel-windows-x86_64-gcc10-UCRT

Version: 1.2.0
Check: package dependencies
Result: NOTE
    Package suggested but not available for checking: ‘sangerseqR’
Flavors: r-release-macos-arm64, r-release-macos-x86_64, r-oldrel-macos-x86_64