Last updated on 2023-11-30 07:52:29 CET.
Flavor | Version | Tinstall | Tcheck | Ttotal | Status | Flags |
---|---|---|---|---|---|---|
r-devel-linux-x86_64-debian-clang | 0.1.0 | 12.43 | 42.53 | 54.96 | OK | |
r-devel-linux-x86_64-debian-gcc | 0.1.0 | 10.81 | 33.21 | 44.02 | OK | |
r-devel-linux-x86_64-fedora-clang | 0.1.0 | 71.26 | NOTE | |||
r-devel-linux-x86_64-fedora-gcc | 0.1.0 | 85.81 | NOTE | |||
r-devel-windows-x86_64 | 0.1.0 | 9.00 | 58.00 | 67.00 | OK | |
r-patched-linux-x86_64 | 0.1.0 | 13.76 | 42.71 | 56.47 | OK | |
r-release-linux-x86_64 | 0.1.0 | 10.53 | 42.16 | 52.69 | OK | |
r-release-macos-arm64 | 0.1.0 | 34.00 | OK | |||
r-release-macos-x86_64 | 0.1.0 | 52.00 | OK | |||
r-release-windows-x86_64 | 0.1.0 | 11.00 | 64.00 | 75.00 | OK | |
r-oldrel-macos-arm64 | 0.1.0 | 27.00 | OK | |||
r-oldrel-macos-x86_64 | 0.1.0 | 34.00 | NOTE | |||
r-oldrel-windows-x86_64 | 0.1.0 | 16.00 | 62.00 | 78.00 | OK |
Version: 0.1.0
Check: dependencies in R code
Result: NOTE
Namespace in Imports field not imported from: ‘R6’
All declared Imports should be used.
Flavors: r-devel-linux-x86_64-fedora-clang, r-devel-linux-x86_64-fedora-gcc, r-oldrel-macos-x86_64