Last updated on 2023-12-09 07:49:27 CET.
Flavor | Version | Tinstall | Tcheck | Ttotal | Status | Flags |
---|---|---|---|---|---|---|
r-devel-linux-x86_64-debian-clang | 0.1.0 | 10.07 | 76.28 | 86.35 | OK | |
r-devel-linux-x86_64-debian-gcc | 0.1.0 | 8.85 | 57.46 | 66.31 | OK | |
r-devel-linux-x86_64-fedora-clang | 0.1.0 | 112.22 | NOTE | |||
r-devel-linux-x86_64-fedora-gcc | 0.1.0 | 119.69 | NOTE | |||
r-devel-windows-x86_64 | 0.1.0 | 11.00 | 87.00 | 98.00 | OK | |
r-patched-linux-x86_64 | 0.1.0 | 7.23 | 72.94 | 80.17 | OK | |
r-release-linux-x86_64 | 0.1.0 | 9.36 | 73.75 | 83.11 | OK | |
r-release-macos-arm64 | 0.1.0 | 56.00 | OK | |||
r-release-macos-x86_64 | 0.1.0 | 78.00 | OK | |||
r-release-windows-x86_64 | 0.1.0 | 15.00 | 94.00 | 109.00 | OK | |
r-oldrel-macos-arm64 | 0.1.0 | 48.00 | NOTE | |||
r-oldrel-macos-x86_64 | 0.1.0 | 73.00 | NOTE | |||
r-oldrel-windows-x86_64 | 0.1.0 | 15.00 | 100.00 | 115.00 | OK |
Version: 0.1.0
Check: dependencies in R code
Result: NOTE
Namespaces in Imports field not imported from:
‘CCA’ ‘brainR’ ‘elasticnet’
All declared Imports should be used.
Flavors: r-devel-linux-x86_64-fedora-clang, r-devel-linux-x86_64-fedora-gcc, r-oldrel-macos-arm64, r-oldrel-macos-x86_64